Weather Roleystone Western Australia

 

National Oceanic and Atmospheric Administration (NOAA) Style data reports

 

Click button to select month or click ∨/∧ for other year/month data

Select a Year or Month report
V/Λ2021 > Jan Feb Mar Apr May Jun Jul Aug Sep Oct Nov Dec
V/Λ2020 > Jan Feb Mar Apr May Jun Jul Aug Sep Oct Nov Dec

Report for 2021 Feb
                   Monthly Climatological Summary for Feb 2021

Name: Rolystone   City: Perth   County: WA   Country: Australia
Elevation: 585 ft  Lat: S 32° 07' 11"   Lon: E 116° 04' 26"

                  Temperature (°C), Rain (mm), Wind Speed (kts)

                                      Heat  Cool        Avg
    Mean                              Deg   Deg         Wind                 Dom
Day Temp  High   Time   Low    Time   Days  Days  Rain  Speed High   Time    Dir
----------------------------------------------------------------------------------
01  26.8  35.1   16:07  19.7   06:12   0.0   8.5   0.0   2.3  16.5   13:07   SSE
02  25.0  32.7   13:30  18.3   05:46   0.0   6.7   0.0   1.7  16.5   17:30    NE
03  21.9  32.2   15:43  13.3   05:52   1.4   5.0   0.0   4.2  23.5   19:18     S
04  18.7  25.8   16:17  13.1   05:50   1.7   2.1   0.0   4.2  21.7   16:48     S
05  19.5  25.1   15:56  15.7   05:56   0.9   2.0   0.0   3.8  20.0   13:03   SSE
06  16.3  19.7   15:31  15.0   20:03   2.1   0.1  14.2   3.1  22.6   00:44     S
07  18.5  21.4   13:11  15.8   09:00   0.5   0.7  23.0   4.5  22.6   21:02   NNW
08  16.5  20.6   14:27  12.4   03:57   2.1   0.4   2.6   2.2  19.1   10:15    SW
09  18.3  22.9   16:01  14.6   05:58   1.2   1.2   1.6   2.7  17.4   13:44    SW
10  16.6  21.5   15:03  10.9   06:14   2.3   0.6   0.0   4.0  19.1   16:40   SSW
11  18.1  25.4   16:06  12.3   06:10   1.9   1.7   0.0   2.9  20.0   17:40   SSW
12  21.0  29.1   16:48  15.3   06:25   0.7   3.4   0.0   1.8  12.2   15:52   SSW
13  27.0  35.1   15:37  20.3   06:04   0.0   8.7   0.0   1.6  12.2   13:56   ENE
14  26.7  34.0   13:09  21.2   06:32   0.0   8.4   0.0   1.4  13.0   21:27    SW
15  27.7  37.1   13:23  19.7   06:39   0.0   9.4   0.0   2.2  19.1   16:03    SW
16  23.1  31.3   12:30  17.7   05:04   0.1   4.9   0.2   2.0  16.5   15:47    SW
17  20.1  25.3   14:55  15.9   06:06   0.5   2.3   2.6   4.1  26.1   04:02    SW
18  15.7  20.7   15:36   9.7   06:03   3.1   0.4   0.0   4.6  24.3   13:28   SSW
19  18.2  26.6   15:04  12.5   02:38   2.0   1.8   0.0   2.0  14.8   16:04   SSW
20  22.5  31.4   14:14  16.3   06:42   0.3   4.5   0.0   2.6  19.1   15:28   SSW
21  25.2  34.4   14:35  16.8   06:05   0.2   7.1   0.0   2.9  18.2   23:53   SSW
22  28.0  37.7   15:55  20.7   06:14   0.0   9.7   0.0   2.1  13.9   17:25     W
23  27.5  37.6   12:46  17.2   06:23   0.1   9.3   0.0   2.1  18.2   13:21     W
----------------------------------------------------------------------------------
    21.7  37.7    22     9.7    18    21.1  98.9  44.2   2.8  26.1    17     SSW

Max >=  27.0 12
Max <=   0.0  0
Min <=   0.0  0
Min <= -18.0  0
Max Rain: 23.0 on day 7
Days of Rain: 6 (>= 0.2 mm)  4 (>= 2.0 mm)  1 (>= 20.0 mm)
Heat Base: 18.3  Cool Base: 18.3  Method: Integration


The information provided herein is for informational purposes only and is not guaranteed to be accurate in any way. Do not make any life threatening decisions either directly or indirectly based on the information herein, no responsibility is accepted for any injuries, accidents or other incidents whether fatal or non-fatal, as a direct or indirect result of actions taken based upon the information herein.
Please refer to the Australian Government Bureau of Meteorology for the official weather and forecast.


Copyright © 2021


script original author  Saratoga-Weather.org (Ken True)
and modified by  beteljuice



page updated 24/02/2021 9:00:01 am
cumulus software support forum
powered by  cumulusMX v3.9.7 (3107)
maintained by  IT ability