Weather   Thornlie   Western Australia

 

National Oceanic and Atmospheric Administration (NOAA) Style data reports


Click button to select month or click ∨/∧ for other year/month data

Select a Year or Month report
V/Λ2019 > Jan Feb Mar Apr May Jun Jul Aug Sep Oct Nov Dec
V/Λ2018 > Jan Feb Mar Apr May Jun Jul Aug Sep Oct Nov Dec

Report for 2019 Sep
                   Monthly Climatological Summary for Sep 2019

Name:    City: Thornlie   State: Western Australia
Elevation: 70 ft  Lat: S 32 03' 18"   Lon: E 115 57' 24"

                  Temperature (C), Rain (mm), Wind Speed (kts)

                                      Heat  Cool        Avg
    Mean                              Deg   Deg         Wind                 Dom
Day Temp  High   Time   Low    Time   Days  Days  Rain  Speed High   Time    Dir
----------------------------------------------------------------------------------
 1  13.0  17.9  11:38a   9.1  11:19p   5.3   0.0   9.4   1.7  20.0   1:35p   WNW
 2  14.3  19.4   1:26p  10.2   6:51a   4.0   0.0   9.2   2.1  20.9   1:14p   WNW
 3  13.9  17.8  12:28p  11.1   6:35a   4.4   0.0   2.4   1.6  11.3  11:16a   WSW
 4  11.1  16.9  11:24a   4.3   6:23a   7.2   0.0   0.0   1.5  13.9  10:20a   SSW
 5  11.1  17.7   3:17p   4.4   1:58a   7.2   0.0   0.0   1.7  13.0   5:14a   ENE
 6  11.7  21.6   3:36p   2.9   6:27a   6.9   0.4   0.0   0.9   8.7   4:21p    SE
 7  14.8  22.7   3:22p   7.7   3:54a   4.2   0.7   0.0   1.5  12.2   4:23p   SSE
 8  17.2  27.1   2:49p  10.0   4:21a   3.0   2.0   0.0   0.7   8.7  10:48a     E
 9  20.7  32.8   3:19p   9.9   5:34a   2.2   4.6   0.0   1.1  12.2   3:00p    NW
10  19.0  28.3  12:34p  13.8   6:19a   1.4   2.1   0.0   1.2  12.2   2:58p   WNW
11  17.5  23.6   3:00p  11.5   6:33a   2.2   1.4   0.0   0.9  12.2   1:46p   WNW
12  18.3  25.4   2:13p  12.1   5:52a   2.0   2.0   0.0   0.8  12.2   3:00p   WSW
13  20.1  26.9   2:22p  15.1   4:36a   0.9   2.6   0.0   0.7   9.6   1:47p   WSW
14  18.0  25.1  12:53p  11.3   6:10a   2.1   1.7   0.0   1.3   9.6   2:09p   SSW
15  17.8  23.1  12:57p  13.9   5:40a   1.6   1.1   0.0   2.8  20.0   5:14a    SE
16  19.0  26.7   3:48p  12.4   4:41a   1.8   2.5   0.0   1.2  13.9   9:20a     E
17  16.9  23.1  12:25p  12.3   4:56a   2.4   0.9   0.0   1.3  12.2   3:28p   WSW
----------------------------------------------------------------------------------
    16.1  32.8     9     2.9     6    58.8  22.0  21.0   1.3  20.9     2      SW

Max >=  27.0:  3
Max <=   0.0:  0
Min <=   0.0:  0
Min <= -18.0:  0
Max Rain: 9.4 on day 1
Days of Rain: 3 (>= 0.2 mm)  3 (>= 2.0 mm)  0 (>= 20.0 mm)
Heat Base: 18.3  Cool Base: 18.3  Method: Integration

The information provided herein is for informational purposes only and is not guaranteed to be accurate in any way. Do not make any life threatening decisions either directly or indirectly based on the information herein, no responsibility is accepted for any injuries, accidents or other incidents whether fatal or non-fatal, as a direct or indirect result of actions taken based upon the information herein.
Please refer to the Australian Government Bureau of Meteorology for the official weather and forecast.


Copyright © 2019


script original author  Saratoga-Weather.org (Ken True)
and modified by  beteljuice



page updated 18/09/2019 9:00:08 AM
cumulus software support forum
powered by  cumulus v1.9.4 (1099)
maintained by  IT ability