Weather   Roleystone   Western Australia

 

National Oceanic and Atmospheric Administration (NOAA) Style data reports


Click button to select month or click ∨/∧ for other year/month data

Select a Year or Month report
2020 > Jan Feb Mar Apr May Jun Jul Aug Sep Oct Nov Dec

Report for 2020 Nov
                   Monthly Climatological Summary for Nov 2020

Name: Rolystone   City: Perth   County: WA   Country: Australia
Elevation: 585 ft  Lat: S 32° 07' 11"   Lon: E 116° 04' 26"

                  Temperature (°C), Rain (mm), Wind Speed (kts)

                                      Heat  Cool        Avg
    Mean                              Deg   Deg         Wind                 Dom
Day Temp  High   Time   Low    Time   Days  Days  Rain  Speed High   Time    Dir
----------------------------------------------------------------------------------
01  13.6  17.2   08:59  12.2   01:50   4.7   0.0  12.8   0.7  13.9   13:51   NNE
02  15.5  20.8   12:39  12.2   04:24   2.9   0.2   1.8   1.5  18.2   13:11   WSW
03  15.2  19.7   14:56  10.9   04:45   3.3   0.2   0.0   2.7  16.5   15:47   SSW
04  16.9  24.1   15:35  10.8   05:15   2.6   1.2   0.0   1.8  13.0   01:36   SSW
05  20.9  28.8   16:08  13.9   04:53   0.9   3.6   0.0   2.2  21.7   01:41   SSW
06  19.8  26.9   15:56  13.9   05:12   1.2   2.7   0.0   2.2  15.6   15:32    SE
07  19.6  27.7   14:33  13.0   01:46   1.4   2.7   0.0   1.9  14.8   15:41   SSW
08  17.1  23.2   11:40  11.4   01:47   2.4   1.2   4.4   2.1  20.9   07:46   WSW
09  11.8  17.4   09:00   8.3   04:42   6.5   0.0  54.6   2.3  21.7   22:09     W
10  12.0  16.6   15:25   8.2   01:26   6.3   0.0   0.6   3.1  20.0   10:58   SSW
11  11.9  17.4   14:37   5.6   05:23   6.4   0.0   0.2   1.8  13.9   09:52   SSW
12  17.0  20.6   12:40  14.3   06:41   1.5   0.2  10.0   1.9  12.2   11:36   WNW
13  15.3  20.3   13:45  12.1   02:00   3.2   0.2   4.4   1.1  10.4   12:45   NNW
14  13.0  19.1   13:08   9.1   05:44   5.3   0.0  12.4   1.7  19.1   21:12   WNW
15  14.1  18.4   12:26   9.5   01:25   4.2   0.0   0.0   1.8  18.2   14:04   SSW
16  16.3  23.4   15:01   9.9   05:33   3.1   1.1   0.0   1.4  13.0   14:05    SW
17  16.9  20.5   11:22  14.2   05:43   1.7   0.3   0.4   1.8  11.3   11:47   SSW
18  16.6  22.1   12:41  10.3   05:13   2.7   1.0   0.4   1.2  14.8   13:26   WSW
19  18.1  24.8   12:22  12.9   05:46   1.6   1.4   0.0   2.2  15.6   14:31   SSW
20  17.3  23.8   11:21  11.4   04:12   2.2   1.2   0.0   2.7  14.8   12:20   SSW
21  17.6  23.6   13:26  12.5   05:35   1.9   1.2   0.0   2.9  15.6   15:37   SSW
22  19.8  28.2   14:26  14.6   04:04   1.2   2.7   0.0   2.1  14.8   15:31   SSW
23  25.2  34.6   16:11  16.8   06:01   0.1   7.0   0.0   1.7  16.5   17:33   SSW
24  21.0  33.0   11:40  12.4   05:21   1.6   4.3   0.0   3.3  22.6   15:01   SSW
25  19.7  27.2   16:48  13.3   05:32   1.3   2.6   0.0   1.8  13.0   12:30     S
26  16.9  23.3   10:32  11.1   04:51   2.4   1.0   0.0   3.7  22.6   17:23   SSW
27  14.6  20.3   14:25   7.9   05:24   3.8   0.1   0.0   3.1  24.3   17:17   SSW
28  15.9  22.1   14:13  10.4   01:44   3.0   0.6   0.0   2.5  18.2   16:15   SSW
----------------------------------------------------------------------------------
    16.8  34.6    23     5.6    11    79.4  36.7 102.0   2.1  24.3    27     SSW

Max >=  27.0  6
Max <=   0.0  0
Min <=   0.0  0
Min <= -18.0  0
Max Rain: 54.6 on day 9
Days of Rain: 11 (>= 0.2 mm)  6 (>= 2.0 mm)  1 (>= 20.0 mm)
Heat Base: 18.3  Cool Base: 18.3  Method: Integration

The information provided herein is for informational purposes only and is not guaranteed to be accurate in any way. Do not make any life threatening decisions either directly or indirectly based on the information herein, no responsibility is accepted for any injuries, accidents or other incidents whether fatal or non-fatal, as a direct or indirect result of actions taken based upon the information herein.
Please refer to the Australian Government Bureau of Meteorology for the official weather and forecast.


Copyright © 2020


script original author  Saratoga-Weather.org (Ken True)
and modified by  beteljuice



page updated 29/11/2020 9:00:02 am
cumulus software support forum
powered by  cumulusMX v3.9.0 (3095)
maintained by  IT ability