Weather   Thornlie   Western Australia

 

National Oceanic and Atmospheric Administration (NOAA) Style data reports


Click button to select month or click ∨/∧ for other year/month data

Select a Year or Month report
V/Λ2019 > Jan Feb Mar Apr May Jun Jul Aug Sep Oct Nov Dec
V/Λ2018 > Jan Feb Mar Apr May Jun Jul Aug Sep Oct Nov Dec

Report for 2018 Oct
                   Monthly Climatological Summary for Oct 2018

Name:    City: Thornlie   State: Western Australia
Elevation: 70 ft  Lat: S 32 03' 18"   Lon: E 115 57' 24"

                  Temperature (C), Rain (mm), Wind Speed (kts)

                                      Heat  Cool        Avg
    Mean                              Deg   Deg         Wind                 Dom
Day Temp  High   Time   Low    Time   Days  Days  Rain  Speed High   Time    Dir
----------------------------------------------------------------------------------
21  16.2  20.7  12:33p  13.9   4:41a   2.1   0.2   2.8   2.4  16.5   3:47p   WSW
22  14.3  19.9   2:11p   8.9   1:36a   4.2   0.2   0.0   1.7  12.2   2:04p   SSW
23  16.4  21.7   1:41p  13.0   2:19a   2.6   0.6   0.0   1.2  12.2  12:19p    SW
24  16.6  21.4   4:01p  13.5  12:50a   2.2   0.4   0.0   1.8  12.2   5:53p     S
25  20.6  27.3   1:30p  13.1   5:54a   1.0   3.3   0.0   2.3  15.7   2:39p     S
26  20.7  30.1   3:20p  13.2   5:47a   0.8   3.2   0.0   2.2  14.8   4:51p     S
27  20.2  29.4   2:34p  13.1   5:24a   1.1   3.0   0.0   2.2  13.9   3:02p   SSE
28  19.3  28.8   1:27p  11.9   5:15a   1.9   2.9   0.0   1.4  11.3   3:17p     S
29  18.5  26.3  12:55p  12.2   5:25a   1.8   2.0   0.0   2.1  13.0  12:20p   SSW
30  19.1  26.6   3:05p  13.9   4:54a   1.3   2.2   0.0   2.2  15.7   4:25p   SSE
31  18.6  27.2   2:36p  13.3   4:55a   1.6   2.0   0.0   2.3  13.9   5:32p   SSW
----------------------------------------------------------------------------------
    18.2  30.1    26     8.9    22    20.6  20.0   2.8   2.0  16.5    21     SSW

Max >=  27.0:  5
Max <=   0.0:  0
Min <=   0.0:  0
Min <= -18.0:  0
Max Rain: 2.8 on day 21
Days of Rain: 1 (>= 0.2 mm)  1 (>= 2.0 mm)  0 (>= 20.0 mm)
Heat Base: 18.3  Cool Base: 18.3  Method: Integration

The information provided herein is for informational purposes only and is not guaranteed to be accurate in any way. Do not make any life threatening decisions either directly or indirectly based on the information herein, no responsibility is accepted for any injuries, accidents or other incidents whether fatal or non-fatal, as a direct or indirect result of actions taken based upon the information herein.
Please refer to the Australian Government Bureau of Meteorology for the official weather and forecast.


Copyright © 2019


script original author  Saratoga-Weather.org (Ken True)
and modified by  beteljuice



page updated 13/11/2019 9:00:08 AM
cumulus software support forum
powered by  cumulus v1.9.4 (1099)
maintained by  IT ability