Weather   Thornlie   Western Australia

 

National Oceanic and Atmospheric Administration (NOAA) Style data reports


Click button to select month or click ∨/∧ for other year/month data

Select a Year or Month report
V/Λ2019 > Jan Feb Mar Apr May Jun Jul Aug Sep Oct Nov Dec
V/Λ2018 > Jan Feb Mar Apr May Jun Jul Aug Sep Oct Nov Dec

Report for 2018 Nov
                   Monthly Climatological Summary for Nov 2018

Name:    City: Thornlie   State: Western Australia
Elevation: 70 ft  Lat: S 32 03' 18"   Lon: E 115 57' 24"

                  Temperature (C), Rain (mm), Wind Speed (kts)

                                      Heat  Cool        Avg
    Mean                              Deg   Deg         Wind                 Dom
Day Temp  High   Time   Low    Time   Days  Days  Rain  Speed High   Time    Dir
----------------------------------------------------------------------------------
 1  16.0  21.2   1:16p  11.3   2:09a   2.9   0.6   0.0   1.5  14.8   2:57p    SW
 2  17.9  23.3   2:05p  13.4   5:39a   1.6   1.2   0.0   1.6  12.2   5:26p     S
 3  18.6  27.7  11:34a  11.2   5:41a   2.1   2.3   0.0   1.8  14.8   3:10p    SW
 4  16.9  21.8  12:41p  12.6   5:13a   2.1   0.8   2.0   2.1  13.9   2:06p    SW
 5  14.0  18.9  11:54a  10.3   5:05a   4.3   0.0   0.0   2.1  20.0   5:40p   SSW
 6  14.0  19.8   1:17p   9.0  12:42a   4.3   0.1   0.0   2.2  13.9   9:32a     S
 7  15.4  23.6   1:28p   8.2   5:08a   3.9   1.0   0.0   1.5  14.8   3:23p   SSW
 8  21.1  30.2   2:46p  14.7   5:15a   0.8   3.5   0.0   2.5  17.4   6:47a   SSE
 9  25.0  34.6   3:10p  16.9   3:11a   0.2   6.9   0.0   1.4  11.3   9:47a   ESE
10  20.2  27.2   2:21p  14.9   4:24a   0.9   2.7   0.0   1.0  10.4   6:07p   WSW
11  17.4  23.8  11:51a  10.7   5:12a   2.4   1.5   0.0   2.0  19.1  12:56p   SSW
12  18.8  23.3  10:44a  15.9   5:22a   1.0   1.5   0.0   1.4  12.2   1:33p   SSW
13  19.7  26.7   1:18p  14.1   1:51a   1.0   2.4   0.0   1.5  12.2   1:32p     S
14  23.3  32.2   2:54p  16.8   5:17a   0.2   5.1   0.0   0.9  10.4   4:26p     S
15  26.2  34.7   1:41p  18.3   5:04a   0.0   7.9   0.0   2.4  18.3  11:11p   SSE
16  26.9  36.1   4:30p  18.4   5:47a   0.0   8.6   0.0   1.1  12.2  12:02p   ESE
17  19.8  24.3   9:47a  16.8   5:25a   0.3   1.7   0.0   1.5  13.9  10:59a     W
18  18.1  23.7   1:25p  13.3   5:55a   1.6   1.4   0.0   2.4  14.8   3:37p   SSW
19  15.1  21.4  11:34a   7.8   5:18a   3.8   0.6   0.0   2.0  16.5   4:40p   SSW
20  16.6  22.9   2:09p  11.1   2:29a   2.6   0.8   0.0   1.7  14.8   2:31p     S
21  20.5  26.8   1:49p  16.3   5:19a   0.4   2.6   0.0   2.9  22.6   3:07a   ESE
22  21.0  29.1   3:41p  14.1   5:16a   1.0   3.7   3.2   2.6  25.2   9:09p    SE
23  18.1  24.5  10:51a  12.0   5:28a   1.9   1.7   0.0   1.6  16.5   3:25p    SW
24  16.8  23.3   1:46p   9.4   5:24a   2.9   1.4   0.0   1.0  12.2  12:43p   WSW
25  15.1  21.3  11:05a   7.9   5:12a   3.7   0.4   0.8   1.8  13.9  12:23p    SW
26  17.4  23.8   2:57p  12.2   5:08a   2.0   1.1   0.0   2.8  15.7   2:56a    SE
27  18.7  27.0   1:41p  11.2   4:50a   2.1   2.5   0.0   1.2  13.9   2:47p   SSW
28  18.9  26.7   1:00p  11.6   5:06a   1.9   2.5   0.0   1.7  14.8   3:32p   SSW
29  19.5  27.9   2:03p  13.2   5:15a   1.4   2.6   0.0   2.4  16.5   3:10p     S
30  17.1  23.2   1:26p  11.2   1:57a   2.5   1.3   0.0   1.7  16.5   2:20p    SW
----------------------------------------------------------------------------------
    18.8  36.1    16     7.8    19    55.8  70.4   6.0   1.8  25.2    22       S

Max >=  27.0: 10
Max <=   0.0:  0
Min <=   0.0:  0
Min <= -18.0:  0
Max Rain: 3.2 on day 22
Days of Rain: 3 (>= 0.2 mm)  2 (>= 2.0 mm)  0 (>= 20.0 mm)
Heat Base: 18.3  Cool Base: 18.3  Method: Integration

The information provided herein is for informational purposes only and is not guaranteed to be accurate in any way. Do not make any life threatening decisions either directly or indirectly based on the information herein, no responsibility is accepted for any injuries, accidents or other incidents whether fatal or non-fatal, as a direct or indirect result of actions taken based upon the information herein.
Please refer to the Australian Government Bureau of Meteorology for the official weather and forecast.


Copyright © 2019


script original author  Saratoga-Weather.org (Ken True)
and modified by  beteljuice



page updated 24/08/2019 9:00:07 AM
cumulus software support forum
powered by  cumulus v1.9.4 (1099)
maintained by  IT ability