Weather   Thornlie   Western Australia

 

National Oceanic and Atmospheric Administration (NOAA) Style data reports


Click button to select month or click ∨/∧ for other year/month data

Select a Year or Month report
V/Λ2019 > Jan Feb Mar Apr May Jun Jul Aug Sep Oct Nov Dec
V/Λ2018 > Jan Feb Mar Apr May Jun Jul Aug Sep Oct Nov Dec

Report for 2018 Dec
                   Monthly Climatological Summary for Dec 2018

Name:    City: Thornlie   State: Western Australia
Elevation: 70 ft  Lat: S 32 03' 18"   Lon: E 115 57' 24"

                  Temperature (C), Rain (mm), Wind Speed (kts)

                                      Heat  Cool        Avg
    Mean                              Deg   Deg         Wind                 Dom
Day Temp  High   Time   Low    Time   Days  Days  Rain  Speed High   Time    Dir
----------------------------------------------------------------------------------
 1  17.8  22.6   3:09p  12.2   3:09a   1.8   1.2   0.0   1.1  14.8   3:48p   SSW
 2  23.8  31.4   1:36p  17.7  11:55p   0.0   5.6   0.0   2.0  14.8   3:02a   SSE
 3  25.9  39.1   2:25p  18.7   5:24a   0.0   7.6   0.0   1.4  13.9   3:44p   WSW
 4  17.9  22.8   1:18p  12.4   4:10a   1.5   1.2   0.0   1.0  13.9   2:30p    SW
 5  19.3  25.1   2:36p  13.1   5:32a   1.2   2.1   0.4   1.2  13.0   2:25a    SW
 6  17.0  22.6   1:26p  10.2   5:18a   2.5   1.2   0.0   1.2  13.0   1:41p    SW
 7  19.1  25.3   2:27p  12.1   3:48a   1.6   2.4   0.0   1.3  13.0   2:52p    SW
 8  21.8  29.5  11:43a  15.7  12:47a   0.6   4.1   0.0   1.6  15.7   2:46p     S
 9  24.2  34.0   2:11p  17.3   5:09a   0.0   6.0   0.0   1.2  13.0   3:03p     S
10  20.9  29.9  11:48a  13.8   5:06a   1.0   3.6   0.0   1.4  14.8   1:03p    SW
11  19.4  22.9   1:49p  16.7   1:43a   0.4   1.5   0.6   1.6  17.4   3:47p    SW
12  21.4  27.4   1:28p  15.5   5:14a   0.4   3.5   0.0   1.9  14.8   5:55p   SSE
13  27.1  35.1   3:28p  20.3  12:16a   0.0   8.9   0.0   1.8  19.1   3:55a     E
14  27.8  39.7   3:12p  19.6   5:38a   0.0   9.5   0.0   1.2  20.9  10:06p     S
15  22.1  31.1   2:31p  15.8   5:01a   0.4   4.2   0.4   1.0  12.2   6:57a     S
16  21.9  29.2  12:16p  15.7   5:02a   0.4   4.0   0.0   2.4  20.9  11:30a   SSE
17  21.8  28.8   1:08p  14.7   5:32a   0.5   3.9   0.0   1.8  17.4   2:58p     S
18  21.2  26.2  11:52a  16.3   5:36a   0.2   3.1   0.0   1.5  15.7  12:18p   SSW
19  22.3  28.5  12:15p  16.8   5:37a   0.1   4.1   0.0   1.9  19.1   5:09a   SSE
20  25.8  34.1   4:04p  18.3   5:24a   0.0   7.4   0.0   2.6  22.6   3:44a   ESE
21  30.8  37.7   4:31p  25.3   9:00a   0.0  12.5   0.0   1.5  12.2   9:07a     E
22  29.6  39.9   1:43p  19.3   5:32a   0.0  11.3   0.0   0.9  15.7   3:07p   WNW
23  23.8  34.0  10:39a  15.6   5:13a   0.3   5.8   0.0   0.7  12.2  12:40p   WSW
24  25.2  33.9   1:56p  18.2   2:19a   0.0   6.9   0.0   1.1  11.3   2:59p     S
25  24.2  33.2  12:56p  15.7   5:20a   0.4   6.2   0.0   1.1  12.2   3:32p   SSW
26  21.6  29.3   3:19p  14.2   5:04a   0.8   4.0   0.0   1.2  12.2  12:09p   SSW
27  21.2  26.5   2:33p  17.3   5:46a   0.1   3.0   0.0   2.0  13.9   2:48p   SSW
28  19.7  25.3   1:45p  13.3   3:17a   1.1   2.5   0.0   2.2  14.8   4:27p   SSW
29  21.2  27.7  12:04p  14.5   5:27a   0.7   3.6   0.0   1.4  12.2   1:01p   SSW
30  21.6  29.2   2:09p  14.9   5:18a   0.8   4.1   0.0   1.4  13.9   2:41p   SSW
31  24.8  33.1  12:02p  17.4   4:10a   0.0   6.5   0.0   1.6  13.0   1:18p   SSW
----------------------------------------------------------------------------------
    22.7  39.9    22    10.2     6    16.8 151.5   1.4   1.5  22.6    20       S

Max >=  27.0: 22
Max <=   0.0:  0
Min <=   0.0:  0
Min <= -18.0:  0
Max Rain: 0.6 on day 11
Days of Rain: 3 (>= 0.2 mm)  0 (>= 2.0 mm)  0 (>= 20.0 mm)
Heat Base: 18.3  Cool Base: 18.3  Method: Integration

The information provided herein is for informational purposes only and is not guaranteed to be accurate in any way. Do not make any life threatening decisions either directly or indirectly based on the information herein, no responsibility is accepted for any injuries, accidents or other incidents whether fatal or non-fatal, as a direct or indirect result of actions taken based upon the information herein.
Please refer to the Australian Government Bureau of Meteorology for the official weather and forecast.


Copyright © 2019


script original author  Saratoga-Weather.org (Ken True)
and modified by  beteljuice



page updated 10/12/2019 9:00:08 AM
cumulus software support forum
powered by  cumulus v1.9.4 (1099)
maintained by  IT ability