Weather   Thornlie   Western Australia

 

National Oceanic and Atmospheric Administration (NOAA) Style data reports


Click button to select month or click ∨/∧ for other year/month data

Select a Year or Month report
V/Λ2019 > Jan Feb Mar Apr May Jun Jul Aug Sep Oct Nov Dec
V/Λ2018 > Jan Feb Mar Apr May Jun Jul Aug Sep Oct Nov Dec

Report for 2019
                   Annual Climatological Summary for 2019

Name:    City: Thornlie   State: Western Australia
Elevation: 70 ft  Lat: S 32 03' 18"   Lon: E 115 57' 24"

                  Temperature (C), Heat Base: 18.3  Cool Base: 18.3
                          Dep.  Heat  Cool                       Max  Max  Min  Min
        Mean  Mean        From  Deg   Deg                        >=   <=   <=   <=
 YR MO  Max   Min   Mean  Norm  Days  Days  Hi  Date  Low  Date 27.0  0.0  0.0 -18.0
------------------------------------------------------------------------------------
 19  1  31.2  16.7  23.4   0.0    14   173  41.3  20   9.9    3   23    0    0    0
 19  2  32.3  17.6  24.3   0.0     5   173  38.9   6  13.5   10   26    0    0    0
 19  3  30.8  17.8  23.5   0.0    11   172  40.1   4  10.8   23   28    0    0    0
 19  4  25.6  13.1  18.7   0.0    59    70  33.3   9   5.2   19   13    0    0    0
 19  5  22.3   9.3  15.0   0.0   127    25  28.6  14   2.4   17    2    0    0    0
 19  6  19.3  10.1  14.1   0.0   136     9  25.2   1   3.2   18    0    0    0    0
 19  7  19.2   8.5  13.3   0.0   159     5  22.9  30   3.7   16    0    0    0    0
 19  8  20.3   9.1  14.2   0.0   144    16  30.2  28   3.3   18    1    0    0    0
 19  9  23.1  10.0  16.1   0.0   103    37  32.8   9   2.9    6    5    0    0    0
 19 10  24.4  11.6  17.6   0.0    75    54  36.6  27   6.7   15    6    0    0    0
 19 11  29.8  14.8  21.9   0.0    32   139  40.2  16   8.2    4   21    0    0    0
 19 12  34.7  19.1  26.4   0.0     1    74  41.6   5  13.9    8    7    0    0    0
------------------------------------------------------------------------------------
        26.1  13.1  19.0   0.0   871   951  41.6 Dec   2.4  May  132    0    0    0

                                Precipitation (mm)

              Dep.   Max        Days of Rain
              From   Obs.           >=
 YR MO Total  Norm   Day Date  0.2  2.0 20.0
---------------------------------------------
 19  1   5.8   0.0   3.8  23     5    1    0
 19  2   0.2   0.0   0.2   6     1    0    0
 19  3   7.0   0.0   4.0   9     5    1    0
 19  4  37.8   0.0  13.0  18     9    4    0
 19  5  18.8   0.0   8.8  19    11    4    0
 19  6 195.2   0.0  57.4  22    22   13    2
 19  7  81.0   0.0  35.2   4    18    7    1
 19  8 140.2   0.0  29.2  29    18    7    3
 19  9  37.8   0.0  14.0  18     6    5    0
 19 10  49.0   0.0  16.4   4    12    7    0
 19 11  11.8   0.0   9.0   1     4    2    0
 19 12   0.4   0.0   0.4   7     1    0    0
---------------------------------------------
       585.0   0.0  57.4  Jun  112   51    6

                                Wind Speed (kts)
                          Dom
 YR MO   Avg.  Hi   Date  Dir
------------------------------
 19  1   2.0  21.7   18     S
 19  2   2.0  22.6    8    SE
 19  3   1.7  22.6    5   ESE
 19  4   1.2  20.9   18    SE
 19  5   0.9  24.3   29   ENE
 19  6   1.0  21.7    6   NNW
 19  7   0.7  26.1   19   ENE
 19  8   1.3  24.3   29   NNE
 19  9   1.5  20.9    2   SSW
 19 10   2.2  28.7    4   SSW
 19 11   2.7  20.9    1   SSE
 19 12   2.6  19.1    2   SSE
------------------------------
         1.6  28.7  Oct    SE

The information provided herein is for informational purposes only and is not guaranteed to be accurate in any way. Do not make any life threatening decisions either directly or indirectly based on the information herein, no responsibility is accepted for any injuries, accidents or other incidents whether fatal or non-fatal, as a direct or indirect result of actions taken based upon the information herein.
Please refer to the Australian Government Bureau of Meteorology for the official weather and forecast.


Copyright © 2019


script original author  Saratoga-Weather.org (Ken True)
and modified by  beteljuice



page updated 10/12/2019 9:00:08 AM
cumulus software support forum
powered by  cumulus v1.9.4 (1099)
maintained by  IT ability