Weather   Thornlie   Western Australia

 

National Oceanic and Atmospheric Administration (NOAA) Style data reports


Click button to select month or click ∨/∧ for other year/month data

Select a Year or Month report
V/Λ2019 > Jan Feb Mar Apr May Jun Jul Aug Sep Oct Nov Dec
V/Λ2018 > Jan Feb Mar Apr May Jun Jul Aug Sep Oct Nov Dec

Report for 2019 Jan
                   Monthly Climatological Summary for Jan 2019

Name:    City: Thornlie   State: Western Australia
Elevation: 70 ft  Lat: S 32 03' 18"   Lon: E 115 57' 24"

                  Temperature (C), Rain (mm), Wind Speed (kts)

                                      Heat  Cool        Avg
    Mean                              Deg   Deg         Wind                 Dom
Day Temp  High   Time   Low    Time   Days  Days  Rain  Speed High   Time    Dir
----------------------------------------------------------------------------------
 1  24.0  32.9  11:47a  19.6   4:04a   0.0   5.7   0.0   1.4  11.3   2:54p    SW
 2  20.2  24.2   3:53p  16.7   6:14a   0.2   2.1   0.6   1.6  12.2   4:02a    SW
 3  17.5  23.3  11:16a   9.9   4:27a   2.4   1.5   0.0   2.6  16.5   3:26p   SSW
 4  19.7  24.9   1:09p  14.1   1:39a   0.9   2.3   0.0   2.7  17.4   3:44p   SSE
 5  25.2  33.4   3:01p  19.1  12:35a   0.0   6.9   0.0   2.5  14.8   4:57a    SE
 6  27.6  36.6   1:57p  20.2   5:38a   0.0   9.3   0.0   1.7  13.0   4:48p     S
 7  26.0  33.2   3:36p  18.2   5:28a   0.0   7.7   0.0   2.2  17.4  11:43p   SSE
 8  25.1  33.7   3:33p  18.4   5:46a   0.0   6.8   0.4   2.6  14.8   3:20a   ESE
 9  23.8  31.0  12:32p  15.2   5:18a   0.3   5.8   0.0   1.1  13.0   2:19p   SSW
10  20.0  25.8   9:33a  13.7   5:35a   0.9   2.7   0.0   1.9  15.7   2:34p    SW
11  21.7  28.3  12:37p  14.0   3:31a   0.7   4.1   0.0   1.6  13.9   2:16p     S
12  25.6  35.3   3:51p  18.1   5:39a   0.0   7.3   0.0   1.8  14.8   5:09p   SSW
13  23.6  29.1   3:15p  19.0   1:37a   0.0   5.3   0.0   2.5  15.7   1:53p   SSW
14  22.7  30.2  12:09p  16.7   5:28a   0.2   4.6   0.0   2.1  13.9  12:56p     S
15  21.8  30.5   1:08p  14.8   5:43a   0.6   4.1   0.0   2.0  14.8   2:07p     S
16  20.6  28.3  11:42a  13.6   5:38a   1.1   3.4   0.0   2.1  14.8   4:03p     S
17  21.0  26.7  12:12p  15.2   2:27a   0.5   3.2   0.0   1.9  14.8   2:30p   SSW
18  25.4  34.4   2:42p  19.0  11:54p   0.0   7.1   0.0   2.2  21.7   4:41a   ESE
19  31.3  40.5   2:42p  23.2   1:45a   0.0  13.0   0.0   1.6  14.8   2:57p   SSE
20  29.6  41.3  12:13p  19.5   6:12a   0.0  11.3   0.0   1.1  11.3   1:41p   WSW
21  24.3  32.2   3:03p  18.4   2:39a   0.0   6.0   0.0   1.8  14.8  11:55a   SSW
22  21.2  30.9   2:53p  15.7   6:02a   0.6   3.5   0.8   2.6  15.7   6:48p   SSW
23  17.0  21.2  12:34p  14.4   5:13a   1.8   0.5   3.8   2.6  20.0  11:53a   WSW
24  16.3  21.1   5:37p  10.5   4:07a   2.6   0.5   0.2   2.1  13.0   9:02a     S
25  20.3  26.9   1:14p  15.0   5:54a   0.8   2.7   0.0   2.8  16.5   1:35p   SSE
26  24.4  33.2   3:40p  17.7   5:47a   0.0   6.1   0.0   2.4  13.9   5:10p   ESE
27  25.5  36.9   3:03p  15.9   4:56a   0.3   7.5   0.0   1.3  12.2   9:14a    SE
28  26.7  39.4   1:45p  14.7   6:01a   0.5   9.0   0.0   1.3  13.0   2:00p   SSW
29  23.8  31.8   1:43p  17.2   5:53a   0.1   5.6   0.0   1.8  12.2   2:57p     S
30  25.0  33.7   3:42p  17.5   5:54a   0.0   6.7   0.0   2.2  16.5   1:19a   ESE
31  29.3  37.5   4:19p  23.2   9:00a   0.0  11.0   0.0   2.3  18.3   1:51a     E
----------------------------------------------------------------------------------
    23.4  41.3    20     9.9     3    14.5 173.3   5.8   2.0  21.7    18       S

Max >=  27.0: 23
Max <=   0.0:  0
Min <=   0.0:  0
Min <= -18.0:  0
Max Rain: 3.8 on day 23
Days of Rain: 5 (>= 0.2 mm)  1 (>= 2.0 mm)  0 (>= 20.0 mm)
Heat Base: 18.3  Cool Base: 18.3  Method: Integration

The information provided herein is for informational purposes only and is not guaranteed to be accurate in any way. Do not make any life threatening decisions either directly or indirectly based on the information herein, no responsibility is accepted for any injuries, accidents or other incidents whether fatal or non-fatal, as a direct or indirect result of actions taken based upon the information herein.
Please refer to the Australian Government Bureau of Meteorology for the official weather and forecast.


Copyright © 2019


script original author  Saratoga-Weather.org (Ken True)
and modified by  beteljuice



page updated 23/08/2019 9:00:07 AM
cumulus software support forum
powered by  cumulus v1.9.4 (1099)
maintained by  IT ability