Weather   Thornlie   Western Australia

 

National Oceanic and Atmospheric Administration (NOAA) Style data reports


Click button to select month or click ∨/∧ for other year/month data

Select a Year or Month report
V/Λ2019 > Jan Feb Mar Apr May Jun Jul Aug Sep Oct Nov Dec
V/Λ2018 > Jan Feb Mar Apr May Jun Jul Aug Sep Oct Nov Dec

Report for 2019 Feb
                   Monthly Climatological Summary for Feb 2019

Name:    City: Thornlie   State: Western Australia
Elevation: 70 ft  Lat: S 32 03' 18"   Lon: E 115 57' 24"

                  Temperature (C), Rain (mm), Wind Speed (kts)

                                      Heat  Cool        Avg
    Mean                              Deg   Deg         Wind                 Dom
Day Temp  High   Time   Low    Time   Days  Days  Rain  Speed High   Time    Dir
----------------------------------------------------------------------------------
 1  26.3  38.1   1:19p  16.8   5:53a   0.1   8.1   0.0   1.7  13.9  10:15a   SSW
 2  20.3  26.8  11:28a  14.1   5:55a   0.9   2.9   0.0   3.6  16.5   1:14p   SSE
 3  22.4  30.2   4:33p  15.6   5:38a   0.5   4.5   0.0   3.8  21.7   8:00a   ESE
 4  24.1  31.7   4:22p  17.9   4:43a   0.0   5.8   0.0   2.7  18.3   9:44a     E
 5  26.8  34.3   1:55p  21.3  12:36a   0.0   8.5   0.0   1.8  16.5   3:16p   SSE
 6  29.1  38.9   2:55p  21.1   5:57a   0.0  10.8   0.2   3.3  18.3   1:02a   SSE
 7  26.9  35.9   3:22p  19.1   5:51a   0.0   8.6   0.0   5.8  21.7   5:53p   ESE
 8  26.9  35.1   3:51p  18.3   6:23a   0.0   8.6   0.0   4.5  22.6   5:29p     E
 9  28.5  36.2   4:32p  21.6   6:05a   0.0  10.2   0.0   1.5  12.2  10:06a   ESE
10  25.1  37.6  12:50p  13.5   6:27a   0.8   7.6   0.0   1.7  14.8   2:44p     S
11  20.5  27.3  11:56a  13.6   6:02a   1.0   3.2   0.0   1.6  13.9   2:27p   SSW
12  21.5  28.3   2:06p  16.6   5:40a   0.3   3.5   0.0   2.7  20.9   3:21a   ESE
13  22.7  31.6   1:29p  15.8   6:16a   0.2   4.7   0.0   0.6  10.4   1:58p    SE
14  23.5  31.7   2:27p  16.5   3:15a   0.2   5.4   0.0   0.7  11.3   3:27p    SW
15  22.4  28.9   3:44p  16.3   5:38a   0.3   4.3   0.0   0.8   9.6  11:40a   WSW
16  24.6  31.9   2:27p  17.8   5:40a   0.0   6.3   0.0   2.8  15.7  10:59p    SE
17  24.1  32.7   4:09p  16.4   5:58a   0.2   6.0   0.0   2.8  15.7   1:28a   ESE
18  23.6  32.2   2:05p  16.7   3:01a   0.1   5.4   0.0   1.1  13.9   9:01a   SSE
19  26.2  34.7   1:44p  19.4   6:22a   0.0   7.9   0.0   1.1  11.3   2:10p     S
20  23.5  31.7  12:35p  17.8   3:12a   0.0   5.2   0.0   0.7  11.3   2:25p   WSW
21  21.3  25.4   2:07p  19.1   4:58a   0.0   3.0   0.0   0.6  10.4   1:03p    SW
22  20.5  27.4   4:04p  14.7   5:52a   0.8   3.1   0.0   0.5   9.6  12:18p    SW
23  22.1  28.6   3:14p  16.8   4:16a   0.2   4.1   0.0   0.7  12.2   3:47p    SW
24  24.3  31.3   2:18p  19.1   6:20a   0.0   6.0   0.0   2.7  20.0   8:51a    SE
25  28.6  37.4   3:37p  22.4   5:19a   0.0  10.3   0.0   2.3  20.0   9:00a     E
26  26.0  35.9   1:45p  18.2   4:59a   0.0   7.7   0.0   0.8  11.3   4:23p   SSW
27  25.9  34.3  12:25p  19.1   4:05a   0.0   7.6   0.0   0.7  13.0   2:04p    SW
28  22.3  28.5  11:57a  18.3   4:07a   0.0   4.0   0.0   1.7  14.8   3:51p   SSW
----------------------------------------------------------------------------------
    24.3  38.9     6    13.5    10     5.6 173.3   0.2   2.0  22.6     8      SE

Max >=  27.0: 26
Max <=   0.0:  0
Min <=   0.0:  0
Min <= -18.0:  0
Max Rain: 0.2 on day 6
Days of Rain: 1 (>= 0.2 mm)  0 (>= 2.0 mm)  0 (>= 20.0 mm)
Heat Base: 18.3  Cool Base: 18.3  Method: Integration

The information provided herein is for informational purposes only and is not guaranteed to be accurate in any way. Do not make any life threatening decisions either directly or indirectly based on the information herein, no responsibility is accepted for any injuries, accidents or other incidents whether fatal or non-fatal, as a direct or indirect result of actions taken based upon the information herein.
Please refer to the Australian Government Bureau of Meteorology for the official weather and forecast.


Copyright © 2019


script original author  Saratoga-Weather.org (Ken True)
and modified by  beteljuice



page updated 10/12/2019 9:00:08 AM
cumulus software support forum
powered by  cumulus v1.9.4 (1099)
maintained by  IT ability