Weather   Thornlie   Western Australia

 

National Oceanic and Atmospheric Administration (NOAA) Style data reports


Click button to select month or click ∨/∧ for other year/month data

Select a Year or Month report
V/Λ2019 > Jan Feb Mar Apr May Jun Jul Aug Sep Oct Nov Dec
V/Λ2018 > Jan Feb Mar Apr May Jun Jul Aug Sep Oct Nov Dec

Report for 2019 Mar
                   Monthly Climatological Summary for Mar 2019

Name:    City: Thornlie   State: Western Australia
Elevation: 70 ft  Lat: S 32 03' 18"   Lon: E 115 57' 24"

                  Temperature (C), Rain (mm), Wind Speed (kts)

                                      Heat  Cool        Avg
    Mean                              Deg   Deg         Wind                 Dom
Day Temp  High   Time   Low    Time   Days  Days  Rain  Speed High   Time    Dir
----------------------------------------------------------------------------------
 1  17.6  24.0   3:34p  11.2   5:23a   2.4   1.8   0.0   1.8  14.8  12:48p   SSW
 2  20.2  27.3   1:35p  14.6   2:16a   0.8   2.7   0.0   1.8  16.5   3:05p   SSE
 3  28.3  36.4   3:59p  22.8  10:31p   0.0  10.0   0.0   2.0  14.8  12:35a     E
 4  29.3  40.1   3:45p  19.6   6:03a   0.0  11.0   0.0   3.6  21.7   9:33p   ESE
 5  23.5  29.7   2:11p  17.4   5:04a   0.1   5.3   0.0   4.7  22.6  11:21a     E
 6  24.5  30.9   2:01p  19.2   9:00a   0.0   6.2   1.0   1.0  15.7   9:01a   ENE
 7  21.8  25.4   1:52p  19.0   6:23a   0.0   3.5   0.6   0.1   7.8   2:45p    SW
 8  24.0  30.6   2:18p  21.2   5:46a   0.0   5.7   1.2   0.1   6.1  12:24p     S
 9  21.5  23.4   1:13p  19.8   4:23a   0.0   3.2   4.0   0.0   6.1  10:51p    SW
10  23.7  30.1   1:15p  18.4   6:24a   0.0   5.4   0.2   0.8  11.3   2:20p   SSW
11  24.2  32.3   3:09p  18.3   6:19a   0.0   5.9   0.0   1.8  12.2   1:19a    SE
12  22.3  31.8   3:00p  14.3   6:18a   0.8   4.8   0.0   1.0  13.0   1:23p     S
13  22.0  29.6   2:34p  17.8   6:29a   0.0   3.7   0.0   1.9  16.5   1:11a     S
14  24.7  32.8   3:11p  19.5   6:30a   0.0   6.4   0.0   1.6  15.7  12:06a     E
15  22.9  31.3   1:06p  15.9   6:13a   0.2   4.7   0.0   0.8  12.2   4:08p    SW
16  23.8  29.9  12:50p  19.4   6:36a   0.0   5.5   0.0   1.8  16.5  12:47a    SE
17  26.6  34.5   2:42p  21.6   6:40a   0.0   8.3   0.0   1.8  15.7  12:00a   ESE
18  28.5  36.4   1:20p  23.6   5:37a   0.0  10.2   0.0   1.0  15.7  12:42a    NE
19  25.7  34.7  12:54p  20.0   5:27a   0.0   7.4   0.0   0.5  12.2   9:47a     W
20  26.4  32.3  12:14p  23.0   7:02a   0.0   8.1   0.0   0.5  12.2   1:53a   ESE
21  25.6  31.8   2:17p  20.4   5:46a   0.0   7.3   0.0   0.8  13.0   1:14a   SSE
22  21.6  29.1   1:35p  14.2   5:57a   0.9   4.1   0.0   3.4  18.3  11:46p    SE
23  19.2  28.2   3:07p  10.8   5:21a   2.0   2.9   0.0   1.5  13.0   9:16a    SE
24  20.1  28.6   2:48p  13.2   6:27a   1.4   3.1   0.0   2.6  17.4  11:25p   ESE
25  22.2  28.5   3:36p  16.8   6:35a   0.2   4.1   0.0   3.3  14.8   8:35a   ENE
26  24.1  33.7   3:15p  16.6   5:33a   0.2   6.0   0.0   0.8  12.2   9:55a   ENE
27  22.1  31.2  12:37p  15.3   6:31a   0.6   4.3   0.0   1.2  11.3  10:28a     S
28  19.9  27.2   1:57p  13.0   6:37a   1.5   3.1   0.0   2.8  15.7   9:51p    SE
29  20.6  27.0   3:56p  14.2   5:56a   0.8   3.1   0.0   3.5  17.4  11:44a     E
30  24.2  30.8   3:14p  18.9   9:00a   0.0   5.9   0.0   2.8  14.8  12:44p   ENE
31  27.5  34.9   2:45p  22.1   5:27a   0.0   9.2   0.0   0.8  12.2  10:17a   ENE
----------------------------------------------------------------------------------
    23.5  40.1     4    10.8    23    11.9 172.9   7.0   1.7  22.6     5     ESE

Max >=  27.0: 28
Max <=   0.0:  0
Min <=   0.0:  0
Min <= -18.0:  0
Max Rain: 4.0 on day 9
Days of Rain: 5 (>= 0.2 mm)  1 (>= 2.0 mm)  0 (>= 20.0 mm)
Heat Base: 18.3  Cool Base: 18.3  Method: Integration

The information provided herein is for informational purposes only and is not guaranteed to be accurate in any way. Do not make any life threatening decisions either directly or indirectly based on the information herein, no responsibility is accepted for any injuries, accidents or other incidents whether fatal or non-fatal, as a direct or indirect result of actions taken based upon the information herein.
Please refer to the Australian Government Bureau of Meteorology for the official weather and forecast.


Copyright © 2019


script original author  Saratoga-Weather.org (Ken True)
and modified by  beteljuice



page updated 25/08/2019 9:00:08 AM
cumulus software support forum
powered by  cumulus v1.9.4 (1099)
maintained by  IT ability