Weather   Thornlie   Western Australia

 

National Oceanic and Atmospheric Administration (NOAA) Style data reports


Click button to select month or click ∨/∧ for other year/month data

Select a Year or Month report
V/Λ2019 > Jan Feb Mar Apr May Jun Jul Aug Sep Oct Nov Dec
V/Λ2018 > Jan Feb Mar Apr May Jun Jul Aug Sep Oct Nov Dec

Report for 2019 Apr
                   Monthly Climatological Summary for Apr 2019

Name:    City: Thornlie   State: Western Australia
Elevation: 70 ft  Lat: S 32 03' 18"   Lon: E 115 57' 24"

                  Temperature (C), Rain (mm), Wind Speed (kts)

                                      Heat  Cool        Avg
    Mean                              Deg   Deg         Wind                 Dom
Day Temp  High   Time   Low    Time   Days  Days  Rain  Speed High   Time    Dir
----------------------------------------------------------------------------------
 1  22.0  26.7  10:23a  17.6   6:45a   0.1   3.8   0.2   0.2   7.0  11:47a     W
 2  23.5  30.6   3:21p  18.5   3:09a   0.0   5.2   0.0   3.0  20.9   1:16a   ESE
 3  23.9  29.4   3:10p  19.8   3:23a   0.0   5.6   0.6   1.4  14.8   9:54a     E
 4  16.3  23.1   1:22p   8.9   6:20a   3.1   1.2   0.4   2.2  16.5   1:10p   SSW
 5  15.5  24.7   3:14p   8.2   6:39a   4.0   1.2   0.0   0.8  10.4   9:47a    SE
 6  17.3  25.8   1:10p  11.2   3:27a   2.7   1.7   0.0   0.9  11.3   2:58p   SSW
 7  19.1  26.8   1:51p  14.1   1:39a   1.3   2.1   0.0   1.6  13.9   6:46a    SE
 8  21.7  28.1   3:33p  16.2   4:45a   0.4   3.8   0.0   2.9  17.4  11:09p     E
 9  22.9  33.3   3:56p  13.8   6:54a   0.8   5.5   0.0   0.8  12.2   9:21a   ENE
10  21.1  28.4   1:46p  16.7   2:33a   0.4   3.1   0.0   0.2   7.8   3:35p    SW
11  19.2  25.1   2:58p  13.8   2:20a   1.2   2.1   0.0   1.2  12.2   4:22p     S
12  22.7  27.2   2:20p  19.6   8:39p   0.0   4.4   0.0   2.1  17.4  11:50p   ENE
13  20.3  28.4  11:46a  15.7   2:36a   0.7   2.7   0.2   0.6  14.8  12:19p   WNW
14  19.7  23.6  12:02p  17.7   8:53a   0.0   1.5   3.8   1.6  15.7  11:43a   WNW
15  18.6  21.9  11:52a  16.3   1:39a   0.3   0.7   6.6   1.1  15.7   1:17p   WNW
16  16.3  21.7  11:47a  10.8   4:04a   2.6   0.6   1.4   1.0  17.4  12:31p   WSW
17  16.1  22.5   3:34p  11.8   2:07a   3.0   0.8   0.0   0.5  10.4   9:24a     E
18  17.3  23.9  12:43p  10.3   8:33a   2.3   1.3  13.0   1.4  20.9   1:51a    SW
19  10.0  16.8   2:47p   5.2   5:49a   8.3   0.0  11.6   1.3  18.3   2:59p     S
20  11.8  18.3   3:09p   6.1   6:36a   6.5   0.0   0.0   0.9  13.0  12:50p   SSE
21  14.2  23.1   3:19p   7.6   6:09a   4.9   0.8   0.0   0.5   9.6   4:50p   ESE
22  17.1  25.0   2:50p  10.5   6:48a   2.9   1.7   0.0   0.3   9.6   3:11p   SSW
23  19.9  27.9   1:57p  14.7  11:34p   0.9   2.5   0.0   0.8  11.3   2:46p    SE
24  21.6  28.6   2:39p  15.6   6:59a   0.2   3.5   0.0   1.3  13.0   1:57p     E
25  21.7  29.2   1:56p  16.1   6:16a   0.3   3.7   0.0   2.0  13.0   3:43a     E
26  20.9  28.1   3:12p  13.2   5:55a   0.8   3.4   0.0   1.6  14.8   1:09p   ENE
27  21.2  28.7   3:15p  14.6   2:41a   0.4   3.4   0.0   0.7  11.3   9:34a    NE
28  20.7  29.2   2:43p  14.7   3:50a   1.1   3.5   0.0   0.3  11.3  10:47a   NNW
29  13.5  21.4   2:35p   6.3   6:36a   5.2   0.4   0.0   1.5  15.7   1:37p   SSW
30  14.0  20.2  12:54p   7.8   5:14a   4.6   0.3   0.0   1.3  14.8   6:03p     S
----------------------------------------------------------------------------------
    18.7  33.3     9     5.2    19    59.0  70.5  37.8   1.2  20.9     2      SE

Max >=  27.0: 13
Max <=   0.0:  0
Min <=   0.0:  0
Min <= -18.0:  0
Max Rain: 13.0 on day 18
Days of Rain: 9 (>= 0.2 mm)  4 (>= 2.0 mm)  0 (>= 20.0 mm)
Heat Base: 18.3  Cool Base: 18.3  Method: Integration

The information provided herein is for informational purposes only and is not guaranteed to be accurate in any way. Do not make any life threatening decisions either directly or indirectly based on the information herein, no responsibility is accepted for any injuries, accidents or other incidents whether fatal or non-fatal, as a direct or indirect result of actions taken based upon the information herein.
Please refer to the Australian Government Bureau of Meteorology for the official weather and forecast.


Copyright © 2019


script original author  Saratoga-Weather.org (Ken True)
and modified by  beteljuice



page updated 24/08/2019 9:00:07 AM
cumulus software support forum
powered by  cumulus v1.9.4 (1099)
maintained by  IT ability