Weather   Thornlie   Western Australia

 

National Oceanic and Atmospheric Administration (NOAA) Style data reports


Click button to select month or click ∨/∧ for other year/month data

Select a Year or Month report
V/Λ2019 > Jan Feb Mar Apr May Jun Jul Aug Sep Oct Nov Dec
V/Λ2018 > Jan Feb Mar Apr May Jun Jul Aug Sep Oct Nov Dec

Report for 2019 May
                   Monthly Climatological Summary for May 2019

Name:    City: Thornlie   State: Western Australia
Elevation: 70 ft  Lat: S 32 03' 18"   Lon: E 115 57' 24"

                  Temperature (C), Rain (mm), Wind Speed (kts)

                                      Heat  Cool        Avg
    Mean                              Deg   Deg         Wind                 Dom
Day Temp  High   Time   Low    Time   Days  Days  Rain  Speed High   Time    Dir
----------------------------------------------------------------------------------
 1  12.0  17.2   3:51p   7.2  10:35p   6.3   0.0   0.0   1.8  13.0   4:44p     E
 2  14.3  20.3   3:41p   9.9   9:54p   4.2   0.2   0.0   1.6  13.0   9:34a   ENE
 3  19.1  26.8   3:12p  13.4  12:39a   1.4   2.1   2.2   1.1  15.7   2:15p    NE
 4  16.4  23.9   2:01p  10.4   6:58a   3.1   1.2   0.2   0.4  13.0  11:52a     W
 5  18.6  21.9   2:07p  15.5   6:58a   0.8   1.1   4.0   1.2  14.8   1:30a     W
 6  13.7  20.4   2:35p   7.4   5:41a   4.9   0.2   0.2   1.2  17.4  11:51a   SSW
 7  15.1  21.7   1:04p   9.7   4:27a   3.8   0.6   0.0   0.4   8.7   2:11p     S
 8  14.6  23.3   3:08p   6.0   6:30a   4.6   0.9   0.0   0.8  11.3  12:33p   ESE
 9  15.4  22.6   3:24p  10.2  11:27p   3.7   0.7   0.0   1.2  10.4  10:02a   ENE
10  15.1  24.3   3:18p   7.8   4:01a   4.5   1.3   0.0   0.7  13.9  10:51a   ENE
11  15.6  25.0   3:05p   7.5   7:10a   4.2   1.4   0.0   0.2  10.4  10:40a    NE
12  15.4  24.4   2:49p   8.9   3:21a   4.2   1.4   0.0   0.3   7.8   3:53p   NNW
13  15.1  22.8   3:49p   9.2   4:19a   4.0   0.9   0.0   0.2   7.8   7:36a    NW
14  16.5  28.6   3:22p   8.5   4:31a   4.1   2.3   0.0   0.0   7.0  12:14p    NW
15  18.7  27.3  12:39p  14.1   4:29a   1.8   2.2   0.4   0.2   9.6   1:56p    NW
16   9.9  16.9  10:03a   2.8   7:14a   8.4   0.0   2.2   1.2  15.7  11:49a   SSE
17   8.8  16.9   2:22p   2.4   7:08a   9.5   0.0   0.0   0.8  10.4  11:34a    SE
18   9.5  18.3   2:59p   2.8   6:56a   8.8   0.0   0.2   0.2   7.8   2:09p   ESE
19  14.4  20.9   2:25p   9.3  10:59p   4.1   0.3   8.8   0.2   9.6  10:24a   NNE
20  15.4  20.2   2:08p  12.0   1:38a   3.2   0.3   0.2   0.6  10.4   3:04p     W
21  13.7  21.3   2:12p   7.1   7:14a   5.0   0.4   0.2   0.1   6.1   2:14p     W
22  14.8  22.7   3:28p   9.8   4:37a   4.3   0.7   0.0   0.1   7.0  11:19a     W
23  13.3  22.3   2:23p   6.3   7:05a   5.5   0.5   0.0   0.1   7.0   2:30p     W
24  14.4  21.6   1:38p   8.1   7:00a   4.5   0.5   0.2   0.3  12.2   4:00p     W
25  14.0  21.5   4:01p   7.8   6:52a   4.8   0.5   0.0   0.2   7.8  10:40a     W
26  15.3  21.3   2:36p  11.3   1:38a   3.5   0.6   0.0   1.2  13.0   1:10p   NNE
27  16.6  21.8   2:40p  12.8   5:45a   2.3   0.6   0.0   2.8  14.8   8:37a     E
28  17.1  23.0   3:11p  10.5   7:30a   2.2   1.0   0.0   3.5  19.1   3:46a   ENE
29  17.5  22.9   2:36p  13.2   6:30a   1.7   0.9   0.0   3.8  24.3   9:25p   ENE
30  18.6  22.8   2:54p  15.9   3:27a   0.7   1.0   0.0   1.4  16.5  10:17a   NNE
31  16.5  26.3   3:29p   9.3   6:16a   3.4   1.7   0.0   0.5   9.6  10:45a   NNW
----------------------------------------------------------------------------------
    15.0  28.6    14     2.4    17   127.5  25.5  18.8   0.9  24.3    29     ENE

Max >=  27.0:  2
Max <=   0.0:  0
Min <=   0.0:  0
Min <= -18.0:  0
Max Rain: 8.8 on day 19
Days of Rain: 11 (>= 0.2 mm)  4 (>= 2.0 mm)  0 (>= 20.0 mm)
Heat Base: 18.3  Cool Base: 18.3  Method: Integration

The information provided herein is for informational purposes only and is not guaranteed to be accurate in any way. Do not make any life threatening decisions either directly or indirectly based on the information herein, no responsibility is accepted for any injuries, accidents or other incidents whether fatal or non-fatal, as a direct or indirect result of actions taken based upon the information herein.
Please refer to the Australian Government Bureau of Meteorology for the official weather and forecast.


Copyright © 2019


script original author  Saratoga-Weather.org (Ken True)
and modified by  beteljuice



page updated 23/08/2019 9:00:07 AM
cumulus software support forum
powered by  cumulus v1.9.4 (1099)
maintained by  IT ability