Weather   Thornlie   Western Australia

 

National Oceanic and Atmospheric Administration (NOAA) Style data reports


Click button to select month or click ∨/∧ for other year/month data

Select a Year or Month report
V/Λ2019 > Jan Feb Mar Apr May Jun Jul Aug Sep Oct Nov Dec
V/Λ2018 > Jan Feb Mar Apr May Jun Jul Aug Sep Oct Nov Dec

Report for 2019 Jun
                   Monthly Climatological Summary for Jun 2019

Name:    City: Thornlie   State: Western Australia
Elevation: 70 ft  Lat: S 32 03' 18"   Lon: E 115 57' 24"

                  Temperature (C), Rain (mm), Wind Speed (kts)

                                      Heat  Cool        Avg
    Mean                              Deg   Deg         Wind                 Dom
Day Temp  High   Time   Low    Time   Days  Days  Rain  Speed High   Time    Dir
----------------------------------------------------------------------------------
 1  18.3  25.2   2:52p  12.6   3:34a   1.8   1.8   0.0   1.3  11.3   1:26p   ENE
 2  17.6  24.3   2:24p  11.4  10:05p   2.1   1.4   0.0   2.0  15.7   6:35a   ENE
 3  17.2  23.8   2:49p  12.7   6:15a   2.3   1.1   0.0   1.9  15.7   8:49a    NE
 4  16.8  22.3   3:07p  11.0  10:18p   2.3   0.8   0.0   1.6  14.8   6:48a    NE
 5  18.4  22.9   2:05p  14.1   8:13p   0.7   0.8   0.0   1.8  19.1   7:29a     N
 6  15.7  22.1   4:08p  10.8   1:30a   3.5   0.9  27.2   2.8  21.7  11:40a     N
 7  13.2  18.1  12:17p  10.3   6:17a   5.1   0.0   4.6   0.7  17.4  10:49a   WSW
 8  12.5  18.4  12:56p   9.1  12:51a   5.8   0.0  17.6   1.8  18.3   2:24p     W
 9  15.1  16.9   3:38p  12.1   9:00a   3.2   0.0  13.0   3.1  17.4   9:47a     W
10  12.3  19.2  11:46a   9.6   6:46a   6.0   0.0  11.8   2.3  20.9  11:03a     W
11  11.6  16.1   2:42p   9.6   1:24a   6.7   0.0   9.4   0.1   6.1  11:34a   WSW
12  11.6  17.6   1:58p   8.2   3:17a   6.6   0.0   0.6   0.2  12.2  12:50p   WSW
13  11.9  17.6   4:10p   6.9   5:51a   6.3   0.0   6.6   0.2   7.0  10:57a   NNW
14  11.8  16.7   3:59p   8.7   1:19a   6.5   0.0   4.4   0.0   4.3  10:26a    NW
15  13.3  19.7   2:53p   9.3   7:36a   5.0   0.0   0.0   0.0   6.1   4:12p   WSW
16  13.0  18.1  12:54p   9.4  10:39p   5.3   0.0   0.8   0.5  10.4   2:13p    SW
17  10.0  17.8   3:27p   3.3   7:04a   8.3   0.0   0.2   0.6   9.6   9:00a     E
18   9.6  18.2   3:09p   3.2   3:58a   8.7   0.0   0.2   0.2   5.2  12:21p    SE
19  12.1  19.2   1:56p   6.9  12:58a   6.3   0.1   0.0   0.5   7.8   4:34p   ENE
20  16.1  19.6   1:56p  11.2   9:00a   2.3   0.1   0.0   2.0  15.7  11:32p   ENE
21  18.2  24.0   3:35p  15.8   7:45a   1.3   1.2   0.8   0.5  11.3   7:59a     N
22  15.9  20.6  11:12a  13.3   2:44a   2.6   0.2  57.4   0.8  19.1   6:09p   NNW
23  14.3  19.2   2:00p   9.8   5:48a   4.0   0.0   3.0   0.8  16.5   6:47p     W
24  16.2  19.8   1:44p  12.8   9:00a   2.2   0.1   0.2   0.2   7.8  12:27p    SW
25  16.0  20.3   2:02p  12.7   4:40a   2.6   0.3   0.6   0.8  12.2  11:28a   NNW
26  15.0  20.2   2:41p  11.3   4:01a   3.5   0.2  16.0   1.6  20.0   3:25a   WNW
27  10.8  16.4   1:20p   6.9   3:27a   7.5   0.0  13.4   1.3  15.7   1:38p   WSW
28  11.1  15.9   3:28p   8.4  10:25p   7.2   0.0   0.2   0.2   7.0   3:17p   SSW
29  13.2  16.4   4:42p  10.1   5:25a   5.1   0.0   0.6   0.9  15.7   2:11p    NW
30  12.8  13.8   3:42p  11.7   9:00a   5.5   0.0   6.6   0.2   8.7  11:02a   NNW
----------------------------------------------------------------------------------
    14.1  25.2     1     3.2    18   136.3   9.0 195.2   1.0  21.7     6     NNW

Max >=  27.0:  0
Max <=   0.0:  0
Min <=   0.0:  0
Min <= -18.0:  0
Max Rain: 57.4 on day 22
Days of Rain: 22 (>= 0.2 mm)  13 (>= 2.0 mm)  2 (>= 20.0 mm)
Heat Base: 18.3  Cool Base: 18.3  Method: Integration

The information provided herein is for informational purposes only and is not guaranteed to be accurate in any way. Do not make any life threatening decisions either directly or indirectly based on the information herein, no responsibility is accepted for any injuries, accidents or other incidents whether fatal or non-fatal, as a direct or indirect result of actions taken based upon the information herein.
Please refer to the Australian Government Bureau of Meteorology for the official weather and forecast.


Copyright © 2019


script original author  Saratoga-Weather.org (Ken True)
and modified by  beteljuice



page updated 23/08/2019 9:00:07 AM
cumulus software support forum
powered by  cumulus v1.9.4 (1099)
maintained by  IT ability