Weather   Thornlie   Western Australia

 

National Oceanic and Atmospheric Administration (NOAA) Style data reports


Click button to select month or click ∨/∧ for other year/month data

Select a Year or Month report
V/Λ2019 > Jan Feb Mar Apr May Jun Jul Aug Sep Oct Nov Dec
V/Λ2018 > Jan Feb Mar Apr May Jun Jul Aug Sep Oct Nov Dec

Report for 2019 Jul
                   Monthly Climatological Summary for Jul 2019

Name:    City: Thornlie   State: Western Australia
Elevation: 70 ft  Lat: S 32 03' 18"   Lon: E 115 57' 24"

                  Temperature (C), Rain (mm), Wind Speed (kts)

                                      Heat  Cool        Avg
    Mean                              Deg   Deg         Wind                 Dom
Day Temp  High   Time   Low    Time   Days  Days  Rain  Speed High   Time    Dir
----------------------------------------------------------------------------------
 1  12.3  20.2   2:42p   6.7   4:59a   6.2   0.2   0.2   0.2   7.8   3:01p    SW
 2  12.9  20.8   4:05p   6.9   5:16a   5.8   0.4   0.2   0.3   8.7  12:10p   NNE
 3  18.8  21.7   2:51p  13.9   9:00a   0.3   0.9   0.0   2.2  15.7   1:15p   NNE
 4  11.5  19.3   9:00a   8.4   7:33a   6.8   0.0  35.2   0.3  15.7   9:37a   WNW
 5   9.2  12.1   2:59p   6.0   5:43a   9.1   0.0   8.4   0.1   9.6   9:48a   SSE
 6  12.7  16.8   2:17p   8.1   9:00a   5.6   0.0   1.0   0.2   8.7   2:26p   WNW
 7  11.6  19.2   3:12p   5.6   7:27a   6.8   0.0   0.2   0.6  13.0  12:20p   NNW
 8  14.1  20.0   1:45p   9.8   9:00a   4.4   0.2   0.2   0.3   8.7   2:42p     W
 9  13.2  18.8   2:35p  10.0  10:24p   5.1   0.0   0.6   0.3   8.7  11:19a    SW
10  13.5  17.8   1:47p   9.9  11:01p   4.8   0.0   0.2   0.2   7.0   1:19p   SSW
11  11.7  19.3   1:49p   5.8   7:35a   6.6   0.0   0.4   0.3   8.7   2:36p     S
12  13.1  19.3   2:52p   9.0   4:29a   5.2   0.0   0.0   0.9  11.3   2:53p   ESE
13  13.5  19.2   2:59p   8.8   7:27a   4.9   0.1   0.0   2.2  13.0   2:00a     E
14  14.1  19.0   2:13p   9.8   7:20a   4.3   0.0   0.0   1.7  15.7  12:15p   ENE
15  12.2  20.3   2:23p   4.6   7:24a   6.4   0.3   0.0   0.7  13.0  11:24a    NE
16  11.7  21.3   2:17p   3.7   7:14a   7.1   0.5   0.0   0.2   7.8  10:04a   WNW
17  14.1  21.7   1:14p   9.3  11:24p   4.8   0.6   0.6   0.4  11.3   1:31p   WNW
18  14.7  19.4   2:37p  11.4  11:45p   3.7   0.1   4.6   0.2   6.1   1:17p   NNW
19  12.4  18.8   2:03p   7.5   7:40a   5.9   0.0  19.4   1.8  26.1   3:44p     W
20  14.6  17.0   1:21p   9.8   9:00a   3.7   0.0   2.0   0.8  16.5  12:28p    SW
21  14.7  19.3  12:53p   9.7   7:11a   3.6   0.0   2.6   1.4  15.7   1:53p   WSW
22  11.9  17.4   2:25p   7.2   6:47a   6.4   0.0   0.0   0.4   7.8   9:36a     S
23  12.1  19.5   1:23p   6.2   7:07a   6.3   0.0   0.2   0.1   6.1   2:20p   SSE
24  15.1  20.4   1:40p  10.8   6:59a   3.4   0.2   1.2   0.5  10.4   3:39p   WNW
25  13.7  17.3   1:57p  10.8   7:29a   4.6   0.0   0.0   2.3  13.0   2:36a     E
26  13.4  16.3   2:37p  10.8   7:26a   4.9   0.0   3.8   0.5   7.8   9:18a   ENE
27  14.3  20.7   3:05p   8.8   7:29a   4.2   0.3   0.0   0.3   8.7   4:24p     S
28  13.9  20.1   2:13p   9.3  12:25a   4.6   0.2   0.0   1.1  10.4   8:25a    SE
29  13.3  17.5   3:53p   9.5  10:41p   5.0   0.0   0.0   1.4  13.0   2:45a   ENE
30  14.8  22.9   3:25p   7.4   7:03a   4.3   0.8   0.0   0.4   7.8   1:49p   NNW
31  14.5  22.9   2:11p   7.8   2:47a   4.7   0.9   0.0   0.6  10.4   8:30a   ENE
----------------------------------------------------------------------------------
    13.3  22.9    30     3.7    16   159.5   5.7  81.0   0.7  26.1    19     ENE

Max >=  27.0:  0
Max <=   0.0:  0
Min <=   0.0:  0
Min <= -18.0:  0
Max Rain: 35.2 on day 4
Days of Rain: 18 (>= 0.2 mm)  7 (>= 2.0 mm)  1 (>= 20.0 mm)
Heat Base: 18.3  Cool Base: 18.3  Method: Integration

The information provided herein is for informational purposes only and is not guaranteed to be accurate in any way. Do not make any life threatening decisions either directly or indirectly based on the information herein, no responsibility is accepted for any injuries, accidents or other incidents whether fatal or non-fatal, as a direct or indirect result of actions taken based upon the information herein.
Please refer to the Australian Government Bureau of Meteorology for the official weather and forecast.


Copyright © 2019


script original author  Saratoga-Weather.org (Ken True)
and modified by  beteljuice



page updated 10/12/2019 9:00:08 AM
cumulus software support forum
powered by  cumulus v1.9.4 (1099)
maintained by  IT ability