Weather   Thornlie   Western Australia

 

National Oceanic and Atmospheric Administration (NOAA) Style data reports


Click button to select month or click ∨/∧ for other year/month data

Select a Year or Month report
V/Λ2019 > Jan Feb Mar Apr May Jun Jul Aug Sep Oct Nov Dec
V/Λ2018 > Jan Feb Mar Apr May Jun Jul Aug Sep Oct Nov Dec

Report for 2019 Aug
                   Monthly Climatological Summary for Aug 2019

Name:    City: Thornlie   State: Western Australia
Elevation: 70 ft  Lat: S 32 03' 18"   Lon: E 115 57' 24"

                  Temperature (C), Rain (mm), Wind Speed (kts)

                                      Heat  Cool        Avg
    Mean                              Deg   Deg         Wind                 Dom
Day Temp  High   Time   Low    Time   Days  Days  Rain  Speed High   Time    Dir
----------------------------------------------------------------------------------
 1  15.8  21.0   3:12p  11.5  11:09p   3.0   0.4   0.0   2.4  17.4  11:47a   ENE
 2  18.7  25.2   3:26p  14.1  12:26a   1.1   1.6   0.0   1.1  13.9   9:38a   NNE
 3  16.7  22.1  12:19p  13.4   7:16a   2.2   0.6   1.6   0.5  10.4  10:15a    NW
 4  15.6  19.4   1:27p  12.6   7:02a   2.7   0.1   1.4   0.2   7.8   3:53p   WNW
 5  11.9  17.9  10:57a   7.5   5:35a   6.4   0.0  19.0   0.2  10.4  10:55a   NNW
 6  10.9  16.7   1:36p   5.1   6:59a   7.4   0.0   1.2   0.7  12.2   2:38p     S
 7  10.1  16.3   2:49p   5.2   3:04a   8.2   0.0   0.0   0.6  13.9   4:55p     S
 8  10.9  15.3   4:42p   5.9   5:25a   7.4   0.0   0.8   0.1   7.0   3:15p     W
 9  11.6  19.2   3:11p   6.7   6:06a   6.7   0.0   0.2   0.3   9.6  10:39a     E
10  14.3  18.7   3:12p  11.9   9:00a   4.0   0.0   0.0   3.3  19.1   2:48a   ENE
11  17.3  22.6   2:46p  12.9   6:31a   1.9   0.9   0.0   3.4  20.0   1:42a   ENE
12  17.5  25.1   3:30p  12.1  11:16p   2.5   1.7  10.0   0.8  15.7   9:41a     N
13  14.2  19.3   1:16p  10.3   3:23a   4.2   0.1   7.2   0.5  12.2  10:05a   WSW
14  10.6  17.9  12:02p   4.3   7:05a   7.7   0.0   1.8   0.5  17.4   2:59p   SSW
15  12.3  18.6   2:31p   7.7  10:41p   6.0   0.0   0.0   0.3   8.7   1:54p   WNW
16  11.4  17.9   3:11p   6.6   7:02a   6.9   0.0  26.6   2.6  20.0  10:32p   WNW
17   9.2  15.6   1:43p   3.5   7:05a   9.1   0.0   0.4   0.9  11.3   2:03p     S
18  11.0  19.3   3:57p   3.3   6:50a   7.3   0.0   0.0   0.3   7.8  11:38a    SE
19  12.7  20.4   3:13p   6.1   2:23a   5.9   0.3   0.2   0.6   9.6  10:33a   ENE
20  16.7  24.1   3:36p  10.4  10:46p   2.7   1.1   0.0   0.9  11.3   2:38a    NE
21  16.0  24.0   3:10p   7.2   6:34a   3.7   1.4   0.0   0.9  13.9  11:35a   NNW
22  16.2  25.3   1:21p   9.2   5:52a   3.5   1.4  22.2   2.5  20.9   1:35p   WNW
23   9.9  15.6   3:48p   5.7   6:12a   8.4   0.0   0.8   0.9  13.0  11:31a     S
24  11.7  17.2   2:07p   7.2  10:54p   6.6   0.0   0.2   1.3   9.6   9:53a     E
25  14.2  20.8   2:45p   9.1  11:00p   4.4   0.3   0.0   1.8  15.7   1:58a     E
26  15.0  21.5   3:08p   9.2  12:24a   3.9   0.6   0.0   1.7  12.2   3:38a     E
27  19.0  24.2   2:47p  12.9   6:26a   0.9   1.5   0.0   1.3  12.2  12:39p    NE
28  21.0  30.2   3:09p  14.1  11:04p   1.0   3.7   0.0   1.5  13.0   8:43a     N
29  16.7  21.0   1:46p  12.2   7:11a   2.2   0.6  29.2   4.1  24.3   2:03p    NW
30  15.2  18.6   3:08p  12.1   2:15a   3.1   0.0  17.2   2.8  20.0   1:56a     W
31  14.8  18.9   1:22p  12.2   8:48p   3.5   0.0   0.2   1.8  13.9   1:23p   WNW
----------------------------------------------------------------------------------
    14.2  30.2    28     3.3    18   144.5  16.3 140.2   1.3  24.3    29       N

Max >=  27.0:  1
Max <=   0.0:  0
Min <=   0.0:  0
Min <= -18.0:  0
Max Rain: 29.2 on day 29
Days of Rain: 18 (>= 0.2 mm)  7 (>= 2.0 mm)  3 (>= 20.0 mm)
Heat Base: 18.3  Cool Base: 18.3  Method: Integration

The information provided herein is for informational purposes only and is not guaranteed to be accurate in any way. Do not make any life threatening decisions either directly or indirectly based on the information herein, no responsibility is accepted for any injuries, accidents or other incidents whether fatal or non-fatal, as a direct or indirect result of actions taken based upon the information herein.
Please refer to the Australian Government Bureau of Meteorology for the official weather and forecast.


Copyright © 2019


script original author  Saratoga-Weather.org (Ken True)
and modified by  beteljuice



page updated 10/12/2019 9:00:08 AM
cumulus software support forum
powered by  cumulus v1.9.4 (1099)
maintained by  IT ability