Weather   Thornlie   Western Australia

 

National Oceanic and Atmospheric Administration (NOAA) Style data reports


Click button to select month or click ∨/∧ for other year/month data

Select a Year or Month report
V/Λ2019 > Jan Feb Mar Apr May Jun Jul Aug Sep Oct Nov Dec
V/Λ2018 > Jan Feb Mar Apr May Jun Jul Aug Sep Oct Nov Dec

Report for 2019 Oct
                   Monthly Climatological Summary for Oct 2019

Name:    City: Thornlie   State: Western Australia
Elevation: 70 ft  Lat: S 32 03' 18"   Lon: E 115 57' 24"

                  Temperature (C), Rain (mm), Wind Speed (kts)

                                      Heat  Cool        Avg
    Mean                              Deg   Deg         Wind                 Dom
Day Temp  High   Time   Low    Time   Days  Days  Rain  Speed High   Time    Dir
----------------------------------------------------------------------------------
 1  16.0  23.4   1:47p   8.4   6:04a   3.4   1.1   0.0   0.9   9.6   2:57p    SW
 2  16.5  24.1   2:10p   9.8   5:55a   3.1   1.3   0.0   1.1  11.3   8:28a    SW
 3  20.2  26.3   1:15p  14.6   7:34a   0.6   2.5   2.2   2.8  20.0   1:49a   ENE
 4  15.4  20.2  12:23p  12.7   5:51a   3.0   0.1  16.4   4.0  28.7  12:47p    NW
 5  14.8  20.7   1:33p   9.6   5:57a   3.9   0.4   0.2   1.8  13.0   3:40p     S
 6  15.6  23.1   2:51p  10.7  12:39a   3.5   0.7   0.0   2.1  15.7   8:41a    SE
 7  19.3  25.7   4:03p  13.8   5:35a   1.1   2.1   0.0   3.7  18.3  11:56p     E
 8  21.4  31.8   3:03p  11.6   5:59a   1.5   4.5   0.0   1.6  12.2   9:21a    SE
 9  19.7  30.3   2:40p  11.9   2:52a   2.0   3.4   0.2   1.0   8.7  11:30a   WNW
10  17.8  23.6   1:59p  13.1   3:12a   1.9   1.4   0.0   1.2  12.2   2:02p     W
11  16.3  20.5  11:43a  12.6   6:39a   2.3   0.3   2.2   1.4  10.4   2:12p   SSW
12  14.8  21.7  12:58p   8.4   1:33a   4.3   0.8   0.0   1.6  13.9   1:58p   SSW
13  16.7  21.6   2:40p  13.2   6:41a   2.2   0.6   2.4   1.3  13.0   1:28p   WSW
14  14.2  21.0  12:55p   6.9   5:42a   4.6   0.5   0.0   2.1  12.2   1:49p     S
15  13.6  19.8   1:25p   6.7   5:11a   4.8   0.1   0.0   1.8  13.9  11:00a     S
16  14.8  22.3   2:23p   8.3   4:43a   4.3   0.8   0.0   1.6  13.0   3:11p     S
17  16.2  23.3   1:47p  10.4   3:22a   3.1   1.1   0.2   2.2  13.9   3:39p     S
18  19.0  25.7   4:13p  12.3   5:23a   1.5   2.2   0.0   3.4  20.9   7:01a   ESE
19  23.6  33.0   3:49p  16.0   5:39a   0.3   5.6   0.0   3.2  17.4   9:15a    NE
20  18.3  23.8  12:09p  11.8   5:37a   1.5   1.5   0.0   2.1  13.9  10:31a   WNW
21  17.6  24.4   2:47p  11.4   4:51a   2.4   1.7   0.2   1.5  11.3   1:00p   SSW
22  19.4  26.2  11:48a  12.3   5:33a   1.4   2.4   0.0   1.5  11.3   1:51p    SW
23  16.6  22.3  11:46a  10.9   5:44a   2.3   0.6   2.8   2.2  15.7  11:52a    SW
24  15.9  21.1   1:19p  11.2  11:45p   2.8   0.5   0.0   1.9  13.9   3:41p   SSW
25  17.7  24.8   2:03p  12.3   3:07a   2.1   1.5   0.2   2.0  15.7   3:12p   SSW
26  23.2  30.2   2:08p  17.7  10:47p   0.0   4.9   0.0   3.0  16.5   1:38a   ESE
27  24.7  36.6   1:56p  13.8   4:18a   0.9   7.2   0.0   1.3  13.0   9:32a     W
28  18.8  23.8   1:37p  14.1   4:29a   1.2   1.6   0.0   2.8  13.9   2:18p   SSE
29  18.7  27.3   1:58p  13.4   1:32a   1.8   2.2   0.0   1.6  15.7   8:53a   WSW
30  16.2  21.8  11:05a  10.6   5:04a   2.7   0.6   9.4   4.4  26.1   2:41p   WNW
31  13.2  16.7   2:37p  10.4   9:45p   5.1   0.0  12.6   3.5  21.7  12:22p   WSW
----------------------------------------------------------------------------------
    17.6  36.6    27     6.7    15    75.6  54.2  49.0   2.2  28.7     4     SSW

Max >=  27.0:  6
Max <=   0.0:  0
Min <=   0.0:  0
Min <= -18.0:  0
Max Rain: 16.4 on day 4
Days of Rain: 12 (>= 0.2 mm)  7 (>= 2.0 mm)  0 (>= 20.0 mm)
Heat Base: 18.3  Cool Base: 18.3  Method: Integration

The information provided herein is for informational purposes only and is not guaranteed to be accurate in any way. Do not make any life threatening decisions either directly or indirectly based on the information herein, no responsibility is accepted for any injuries, accidents or other incidents whether fatal or non-fatal, as a direct or indirect result of actions taken based upon the information herein.
Please refer to the Australian Government Bureau of Meteorology for the official weather and forecast.


Copyright © 2019


script original author  Saratoga-Weather.org (Ken True)
and modified by  beteljuice



page updated 10/12/2019 9:00:08 AM
cumulus software support forum
powered by  cumulus v1.9.4 (1099)
maintained by  IT ability