Weather   Thornlie   Western Australia

 

National Oceanic and Atmospheric Administration (NOAA) Style data reports


Click button to select month or click ∨/∧ for other year/month data

Select a Year or Month report
V/Λ2019 > Jan Feb Mar Apr May Jun Jul Aug Sep Oct Nov Dec
V/Λ2018 > Jan Feb Mar Apr May Jun Jul Aug Sep Oct Nov Dec

Report for 2019 Nov
                   Monthly Climatological Summary for Nov 2019

Name:    City: Thornlie   State: Western Australia
Elevation: 70 ft  Lat: S 32 03' 18"   Lon: E 115 57' 24"

                  Temperature (C), Rain (mm), Wind Speed (kts)

                                      Heat  Cool        Avg
    Mean                              Deg   Deg         Wind                 Dom
Day Temp  High   Time   Low    Time   Days  Days  Rain  Speed High   Time    Dir
----------------------------------------------------------------------------------
 1  14.7  19.2   2:48p  10.9   1:32a   3.7   0.0   9.0   2.7  20.9   1:10p    SW
 2  16.0  21.1  12:11p  11.4   4:50a   2.9   0.6   0.0   1.6  13.0  12:53p    SW
 3  16.0  21.8   2:01p   9.7   3:32a   3.3   0.9   0.0   1.4  10.4   3:20p   SSW
 4  17.7  27.2   1:09p   8.2   5:35a   3.0   2.5   0.2   1.4  12.2   2:21p    SW
 5  17.8  25.4  12:49p   9.0   5:00a   2.7   2.2   0.0   2.4  12.2  12:23p   SSW
 6  19.2  26.1   1:14p  14.4   5:36a   1.2   2.1   0.0   2.5  13.0   2:31p   SSE
 7  21.6  29.1   1:46p  14.7   5:34a   0.5   3.7   0.0   3.0  16.5   4:18a    SE
 8  26.5  32.8   4:29p  20.4   4:46a   0.0   8.2   0.0   4.0  19.1   1:58a     E
 9  26.6  38.8   1:43p  19.5   5:29a   0.0   8.3   0.0   3.1  20.0  12:00p   NNW
10  19.3  24.7   3:23p  15.2   4:54a   1.0   1.9   0.0   2.0  11.3   9:20a   WSW
11  22.2  30.8   4:36p  13.4   5:11a   1.0   4.9   0.0   3.7  17.4   3:53a   ESE
12  24.2  30.5   3:24p  16.8   5:33a   0.1   6.0   0.0   4.2  17.4   1:16a     E
13  28.1  37.0   3:31p  19.2   5:34a   0.0   9.7   0.0   1.8  10.4   9:16a    SE
14  29.6  38.6   3:35p  20.4   5:01a   0.0  11.3   0.0   3.0  16.5   8:21a    SE
15  29.3  39.1   4:21p  19.6   5:33a   0.0  11.0   0.0   3.3  17.4  10:17a     E
16  26.5  40.2   2:21p  16.6   4:19a   0.2   8.4   0.0   1.1  12.2   1:30p   WSW
17  22.7  30.0   3:02p  16.5   4:28a   0.3   4.7   0.2   1.6  10.4  12:27p   SSW
18  24.1  33.4  12:23p  16.4   5:36a   0.1   5.9   0.0   1.7  13.0   1:57p   SSW
19  19.1  25.9  11:21a  14.3   5:03a   1.1   1.9   2.4   3.0  19.1   7:11a    SW
20  15.4  21.1   2:29p   8.3   5:24a   3.5   0.6   0.0   2.6  18.3  11:38a   SSW
21  17.2  23.4  12:43p  11.7  12:47a   2.5   1.5   0.0   1.9  12.2   5:16p   SSW
22  20.9  28.1   1:25p  15.8  12:37a   0.5   3.1   0.0   2.5  13.0   2:08a   SSE
23  23.2  31.1  12:41p  15.9   1:30a   0.3   5.2   0.0   2.8  14.8   6:22a     S
24  22.3  29.7  11:49a  16.6   2:00a   0.2   4.2   0.0   3.0  15.7   2:58p     S
25  22.1  30.7   1:25p  15.6   5:23a   0.4   4.3   0.0   2.3  15.7   4:47a    SE
26  25.0  35.1   3:44p  17.4   5:10a   0.1   6.7   0.0   2.5  13.9   4:04a   SSE
27  25.0  34.3   2:10p  16.3   5:07a   0.2   6.9   0.0   3.5  19.1   4:45a    SE
28  21.3  31.0   3:25p  12.7   5:23a   1.2   4.2   0.0   3.4  14.8   9:10a    SE
29  20.5  28.3   3:56p  12.8   5:06a   1.4   3.6   0.0   4.6  19.1   2:24p   ESE
30  22.1  30.0   4:22p  13.4   5:23a   0.8   4.6   0.0   3.9  17.4   9:22a     E
----------------------------------------------------------------------------------
    21.9  40.2    16     8.2     4    32.2 139.1  11.8   2.7  20.9     1     SSE

Max >=  27.0: 21
Max <=   0.0:  0
Min <=   0.0:  0
Min <= -18.0:  0
Max Rain: 9.0 on day 1
Days of Rain: 4 (>= 0.2 mm)  2 (>= 2.0 mm)  0 (>= 20.0 mm)
Heat Base: 18.3  Cool Base: 18.3  Method: Integration

The information provided herein is for informational purposes only and is not guaranteed to be accurate in any way. Do not make any life threatening decisions either directly or indirectly based on the information herein, no responsibility is accepted for any injuries, accidents or other incidents whether fatal or non-fatal, as a direct or indirect result of actions taken based upon the information herein.
Please refer to the Australian Government Bureau of Meteorology for the official weather and forecast.


Copyright © 2019


script original author  Saratoga-Weather.org (Ken True)
and modified by  beteljuice



page updated 10/12/2019 9:00:08 AM
cumulus software support forum
powered by  cumulus v1.9.4 (1099)
maintained by  IT ability