Weather   Thornlie   Western Australia

 

National Oceanic and Atmospheric Administration (NOAA) Style data reports


Click button to select month or click ∨/∧ for other year/month data

Select a Year or Month report
V/Λ2020 > Jan Feb Mar Apr May Jun Jul Aug Sep Oct Nov Dec
V/Λ2019 > Jan Feb Mar Apr May Jun Jul Aug Sep Oct Nov Dec
V/Λ2018 > Jan Feb Mar Apr May Jun Jul Aug Sep Oct Nov Dec

Report for 2019 Dec
                   Monthly Climatological Summary for Dec 2019

Name:    City: Thornlie   State: Western Australia
Elevation: 70 ft  Lat: S 32 03' 18"   Lon: E 115 57' 24"

                  Temperature (C), Rain (mm), Wind Speed (kts)

                                      Heat  Cool        Avg
    Mean                              Deg   Deg         Wind                 Dom
Day Temp  High   Time   Low    Time   Days  Days  Rain  Speed High   Time    Dir
----------------------------------------------------------------------------------
 1  26.1  33.6   4:19p  19.3   5:27a   0.0   7.8   0.0   3.2  16.5  12:25p     E
 2  29.0  36.6   3:32p  22.7  11:44p   0.0  10.7   0.0   2.8  19.1   2:14a     E
 3  30.2  39.9   1:24p  20.8   4:21a   0.0  11.9   0.0   1.7  13.9   9:02a    SW
 4  30.0  37.8  11:05a  20.9   5:15a   0.0  11.7   0.0   2.6  15.7   2:49p     S
 5  32.6  41.6   3:05p  24.8   5:11a   0.0  14.3   0.0   3.6  19.1  11:59p     E
 6  26.4  39.6   1:13p  18.8   2:47a   0.0   8.1   0.0   1.9  13.0  12:11p   WNW
 7  19.8  26.1  10:53a  14.7   5:00a   0.8   2.3   0.4   2.6  16.5   9:59a     W
 8  20.1  25.8  12:12p  13.9   2:22a   0.8   2.7   0.0   2.6  14.8   5:02p     S
 9  23.0  31.4   1:56p  15.9   1:23a   0.2   4.9   0.0   2.2  12.2  12:11p     S
10  28.3  37.6   3:18p  19.4   5:32a   0.0  10.0   0.0   3.5  24.3   4:03a   ESE
11  29.9  38.1   3:37p  20.8   5:19a   0.0  11.5   0.0   5.0  20.9  10:14a     E
12  31.9  40.0   4:08p  24.6  11:20p   0.0  13.6   0.0   3.5  20.0   3:08a   ENE
13  32.3  41.7   2:53p  24.9  10:43p   0.0  14.0   0.0   2.7  14.8   9:44a    SE
14  32.6  40.3  12:27p  24.7  11:21p   0.0  14.3   0.0   3.0  16.5   5:52a   SSE
15  30.8  40.3  12:39p  22.4   5:31a   0.0  12.5   0.0   2.4  17.4   2:25p   SSW
16  28.6  39.7  12:42p  19.9   4:23a   0.0  10.3   0.0   1.9  13.9   2:35p   SSW
17  28.5  35.9  11:58a  21.9  12:30a   0.0  10.2   0.0   2.4  13.9   3:43p   SSW
18  25.3  34.3   1:03p  19.1   5:31a   0.0   7.0   0.0   1.9  12.2   1:25p     W
19  20.3  24.6   3:31p  16.7   5:14a   0.2   2.2   2.6   2.5  18.3   4:28p   WSW
20  21.4  27.0   2:24p  15.8   1:12a   0.3   3.3   0.0   3.0  19.1   7:06a   SSE
21  23.9  34.4   1:26p  16.4   5:33a   0.2   5.9   0.0   2.3  13.0   3:29p     S
22  22.7  29.2   2:11p  17.7   2:19a   0.0   4.4   0.0   1.5  11.3  12:01p   SSW
23  24.5  32.4  12:02p  17.7   4:15a   0.0   6.2   0.0   2.0  13.9   4:20p   SSW
24  27.7  34.2  12:45p  22.4   5:07a   0.0   9.4   0.0   2.6  16.5   4:28a    SE
25  26.7  36.6   1:22p  19.9   4:38a   0.0   8.4   0.0   1.2   9.6   1:56p    SW
26  23.3  29.6   1:54p  17.8   5:36a   0.0   5.0   0.0   2.4  11.3   4:24p    SW
27  21.3  28.9  11:36a  13.4   5:02a   1.0   4.0   0.0   2.2  15.7   2:57p   SSW
28  22.2  28.2   1:09p  16.1   4:30a   0.4   4.3   0.0   1.9  13.0   1:45p    SW
29  20.6  26.1   1:05p  13.9   5:07a   0.6   2.8   0.0   2.4  16.5   1:20p    SW
30  20.2  25.7  11:51a  13.7   3:45a   1.0   2.9   0.0   2.6  16.5  12:49p   SSW
31  22.6  30.9  12:26p  15.2   4:47a   0.6   4.9   0.0   2.2  15.7   2:55p   SSW
----------------------------------------------------------------------------------
    25.9  41.7    13    13.4    27     6.1 241.5   3.0   2.5  24.3    10       S

Max >=  27.0: 26
Max <=   0.0:  0
Min <=   0.0:  0
Min <= -18.0:  0
Max Rain: 2.6 on day 19
Days of Rain: 2 (>= 0.2 mm)  1 (>= 2.0 mm)  0 (>= 20.0 mm)
Heat Base: 18.3  Cool Base: 18.3  Method: Integration

The information provided herein is for informational purposes only and is not guaranteed to be accurate in any way. Do not make any life threatening decisions either directly or indirectly based on the information herein, no responsibility is accepted for any injuries, accidents or other incidents whether fatal or non-fatal, as a direct or indirect result of actions taken based upon the information herein.
Please refer to the Australian Government Bureau of Meteorology for the official weather and forecast.


Copyright © 2020


script original author  Saratoga-Weather.org (Ken True)
and modified by  beteljuice



page updated 8/08/2020 9:00:08 AM
cumulus software support forum
powered by  cumulus v1.9.4 (1099)
maintained by  IT ability