Weather   Thornlie   Western Australia

 

National Oceanic and Atmospheric Administration (NOAA) Style data reports


Click button to select month or click ∨/∧ for other year/month data

Select a Year or Month report
V/Λ2020 > Jan Feb Mar Apr May Jun Jul Aug Sep Oct Nov Dec
V/Λ2019 > Jan Feb Mar Apr May Jun Jul Aug Sep Oct Nov Dec
V/Λ2018 > Jan Feb Mar Apr May Jun Jul Aug Sep Oct Nov Dec

Report for 2020
                   Annual Climatological Summary for 2020

Name:    City: Thornlie   State: Western Australia
Elevation: 70 ft  Lat: S 32 03' 18"   Lon: E 115 57' 24"

                  Temperature (C), Heat Base: 18.3  Cool Base: 18.3
                          Dep.  Heat  Cool                       Max  Max  Min  Min
        Mean  Mean        From  Deg   Deg                        >=   <=   <=   <=
 YR MO  Max   Min   Mean  Norm  Days  Days  Hi  Date  Low  Date 27.0  0.0  0.0 -18.0
------------------------------------------------------------------------------------
 20  1  31.4  17.3  23.9   0.0    10   183  40.6  27  12.1    3   25    0    0    0
 20  2  32.8  20.3  26.0   0.0     1   225  42.6   4  13.4    8   27    0    0    0
 20  3  29.9  17.4  23.1   0.0    13   163  36.1  26  10.0   29   21    0    0    0
 20  4  26.3  14.7  19.9   0.0    40    87  38.1  11   9.5    2    8    0    0    0
 20  5  21.5  10.6  15.4   0.0   114    24  28.3   3   4.4   18    3    0    0    0
 20  6  21.0  11.1  15.5   0.0   100    16  25.7   4   4.7   24    0    0    0    0
 20  7  19.3   9.4  13.8   0.0   146     7  24.1  27   4.6   18    0    0    0    0
 20  8  18.0   8.9  13.0   0.0    54     1  22.2   8   5.8    3    0    0    0    0
 20  9
 20 10
 20 11
 20 12
------------------------------------------------------------------------------------
        25.0  13.7  18.8   0.0   482   709  42.6 Feb   4.4  May   84    0    0    0

                                Precipitation (mm)

              Dep.   Max        Days of Rain
              From   Obs.           >=
 YR MO Total  Norm   Day Date  0.2  2.0 20.0
---------------------------------------------
 20  1   1.4   0.0   1.2   2     2    0    0
 20  2  31.4   0.0  11.6  27     6    4    0
 20  3  24.0   0.0   9.8  17     6    3    0
 20  4  12.4   0.0   5.8  18     8    2    0
 20  5 154.2   0.0  35.6  29    14   10    3
 20  6 120.0   0.0  27.4  28    17   12    1
 20  7  87.8   0.0  27.4  13    19   11    1
 20  8  51.4   0.0  26.4   9     7    5    1
 20  9
 20 10
 20 11
 20 12
---------------------------------------------
       482.6   0.0  35.6  May   79   47    6

                                Wind Speed (kts)
                          Dom
 YR MO   Avg.  Hi   Date  Dir
------------------------------
 20  1   2.7  21.7    9     S
 20  2   3.1  29.6   27     E
 20  3   2.0  23.5   13    SE
 20  4   1.6  23.5    6    SE
 20  5   1.4  31.3   24   WNW
 20  6   1.3  25.2   17    NW
 20  7   1.3  24.3   27   NNW
 20  8   2.1  29.6    8   ENE
 20  9
 20 10
 20 11
 20 12
------------------------------
         1.9  31.3  May   ESE

The information provided herein is for informational purposes only and is not guaranteed to be accurate in any way. Do not make any life threatening decisions either directly or indirectly based on the information herein, no responsibility is accepted for any injuries, accidents or other incidents whether fatal or non-fatal, as a direct or indirect result of actions taken based upon the information herein.
Please refer to the Australian Government Bureau of Meteorology for the official weather and forecast.


Copyright © 2020


script original author  Saratoga-Weather.org (Ken True)
and modified by  beteljuice



page updated 11/08/2020 10:30:05 PM
cumulus software support forum
powered by  cumulus v1.9.4 (1099)
maintained by  IT ability