Weather   Thornlie   Western Australia

 

National Oceanic and Atmospheric Administration (NOAA) Style data reports


Click button to select month or click ∨/∧ for other year/month data

Select a Year or Month report
V/Λ2020 > Jan Feb Mar Apr May Jun Jul Aug Sep Oct Nov Dec
V/Λ2019 > Jan Feb Mar Apr May Jun Jul Aug Sep Oct Nov Dec
V/Λ2018 > Jan Feb Mar Apr May Jun Jul Aug Sep Oct Nov Dec

Report for 2020 Jan
                   Monthly Climatological Summary for Jan 2020

Name:    City: Thornlie   State: Western Australia
Elevation: 70 ft  Lat: S 32 03' 18"   Lon: E 115 57' 24"

                  Temperature (C), Rain (mm), Wind Speed (kts)

                                      Heat  Cool        Avg
    Mean                              Deg   Deg         Wind                 Dom
Day Temp  High   Time   Low    Time   Days  Days  Rain  Speed High   Time    Dir
----------------------------------------------------------------------------------
 1  23.3  32.6  12:26p  15.6   5:13a   0.4   5.4   0.0   2.5  13.9   6:16p   SSW
 2  19.0  24.7   3:05p  12.7   4:05a   1.4   2.1   1.2   3.1  16.5   3:28p   SSW
 3  17.7  23.1   1:35p  12.1   5:16a   1.8   1.3   0.0   3.5  19.1   8:18a     S
 4  20.8  28.4   3:24p  13.6   1:30a   0.6   3.2   0.0   2.7  15.7   3:14a   ESE
 5  25.9  35.3   1:35p  16.8   5:27a   0.1   7.7   0.0   1.8  17.4   9:41a    SW
 6  25.5  34.1  11:25a  16.8   5:27a   0.1   7.4   0.0   1.6  12.2   3:52p   SSW
 7  24.1  32.3  12:47p  16.5   5:35a   0.2   5.9   0.0   1.9  11.3  12:56p    SW
 8  22.7  29.7  12:52p  16.4   5:09a   0.3   4.6   0.0   3.4  16.5   1:03p   SSW
 9  21.9  27.5  12:28p  15.8   5:18a   0.3   4.0   0.0   4.3  21.7   4:07a   SSE
10  25.4  32.8   4:11p  18.0   5:09a   0.0   7.1   0.0   4.5  20.9   4:58a     E
11  26.5  36.7   4:28p  18.9   5:27a   0.0   8.2   0.0   2.3  19.1   9:00a     E
12  25.4  33.7   1:35p  18.3   5:22a   0.0   7.1   0.0   3.0  15.7   1:48p     S
13  26.8  35.9   2:10p  20.3   5:55a   0.0   8.5   0.0   2.0  11.3   3:55p   SSE
14  27.2  34.8   3:53p  19.4   5:19a   0.0   8.9   0.0   3.4  20.0  11:28p   SSE
15  26.8  34.3   3:52p  20.0   5:04a   0.0   8.5   0.0   4.2  16.5  10:20a     E
16  27.8  36.2   1:58p  22.8   3:16a   0.0   9.5   0.2   2.1  13.9   3:08p     S
17  24.1  28.9   2:55p  19.2   6:17a   0.0   5.8   0.0   2.2  14.8   7:58a     S
18  24.9  32.9   4:02p  16.7   5:53a   0.2   6.7   0.0   3.9  20.0   9:49p   ESE
19  22.7  31.3   2:44p  16.9   1:53a   0.2   4.7   0.0   2.2  16.5   9:49a   SSE
20  23.3  32.9   1:17p  16.1   4:05a   0.4   5.4   0.0   2.5  14.8   8:11p   SSW
21  19.5  25.4   1:06p  12.9   5:34a   1.1   2.3   0.0   2.9  14.8   9:17a   SSW
22  20.3  24.8   3:48p  17.0   1:08a   0.2   2.3   0.0   2.5  15.7   1:52p   SSW
23  23.1  28.8   4:08p  17.4   2:09a   0.0   4.8   0.0   2.3  13.0   1:34p   SSW
24  24.6  32.4  12:12p  17.2   3:37a   0.1   6.4   0.0   2.1  13.0   2:21p   SSW
25  26.3  33.1  11:48a  20.4   1:52a   0.0   8.0   0.0   2.0  13.0   3:03p     S
26  29.2  37.9   2:14p  23.5  12:20a   0.0  10.9   0.0   2.7  18.3   2:59a    SE
27  31.3  40.6   1:11p  22.1   6:00a   0.0  13.0   0.0   1.5  11.3   3:07p   SSW
28  26.1  36.3   1:51p  18.3   5:51a   0.0   7.8   0.0   2.3  12.2  12:53p   SSW
29  23.5  27.8  11:36a  18.3   2:40a   0.0   4.1   0.0   2.4  12.2  10:34p    SW
30  15.8  22.3   5:43p   0.0   5:43p   1.8   0.2   0.0   1.5  14.8   6:04p     S
31  19.0  24.7  12:30p  13.6   2:09a   1.3   2.0   0.0   2.7  16.5   3:34p     S
----------------------------------------------------------------------------------
    23.9  40.6    27     0.0    30    10.5 183.8   1.4   2.7  21.7     9       S

Max >=  27.0: 25
Max <=   0.0:  0
Min <=   0.0:  1
Min <= -18.0:  0
Max Rain: 1.2 on day 2
Days of Rain: 2 (>= 0.2 mm)  0 (>= 2.0 mm)  0 (>= 20.0 mm)
Heat Base: 18.3  Cool Base: 18.3  Method: Integration

The information provided herein is for informational purposes only and is not guaranteed to be accurate in any way. Do not make any life threatening decisions either directly or indirectly based on the information herein, no responsibility is accepted for any injuries, accidents or other incidents whether fatal or non-fatal, as a direct or indirect result of actions taken based upon the information herein.
Please refer to the Australian Government Bureau of Meteorology for the official weather and forecast.


Copyright © 2020


script original author  Saratoga-Weather.org (Ken True)
and modified by  beteljuice



page updated 25/02/2020 9:00:07 AM
cumulus software support forum
powered by  cumulus v1.9.4 (1099)
maintained by  IT ability