Weather   Thornlie   Western Australia

 

National Oceanic and Atmospheric Administration (NOAA) Style data reports


Click button to select month or click ∨/∧ for other year/month data

Select a Year or Month report
V/Λ2020 > Jan Feb Mar Apr May Jun Jul Aug Sep Oct Nov Dec
V/Λ2019 > Jan Feb Mar Apr May Jun Jul Aug Sep Oct Nov Dec
V/Λ2018 > Jan Feb Mar Apr May Jun Jul Aug Sep Oct Nov Dec

Report for 2020 Feb
                   Monthly Climatological Summary for Feb 2020

Name:    City: Thornlie   State: Western Australia
Elevation: 70 ft  Lat: S 32 03' 18"   Lon: E 115 57' 24"

                  Temperature (C), Rain (mm), Wind Speed (kts)

                                      Heat  Cool        Avg
    Mean                              Deg   Deg         Wind                 Dom
Day Temp  High   Time   Low    Time   Days  Days  Rain  Speed High   Time    Dir
----------------------------------------------------------------------------------
 1  22.1  29.7   2:45p  16.3  12:46a   0.2   4.0   0.0   3.0  20.9   5:52a    SE
 2  27.0  35.2   4:15p  18.4   5:46a   0.0   8.7   0.0   3.6  17.4   8:32a   ESE
 3  30.4  38.5   4:06p  22.9   4:59a   0.0  12.1   0.0   4.0  18.3  11:06p     E
 4  33.5  42.6   3:25p  24.8   5:23a   0.0  15.3   0.0   3.3  19.1   1:50p     E
 5  27.8  36.4  11:44a  22.1   1:18a   0.0   9.5   0.0   1.1  10.4  12:29p     W
 6  24.8  31.3   2:12p  21.0  12:33a   0.0   6.5   0.0   1.3   8.7   1:45p     W
 7  24.1  30.3   2:36p  19.2   5:38a   0.0   5.8   0.0   1.5  10.4   2:36p    SW
 8  21.5  28.9   1:44p  13.4   6:14a   0.9   4.1   0.0   3.0  17.4   9:32p   SSW
 9  21.5  30.1   2:38p  15.2   5:57a   0.5   3.6   0.0   3.3  17.4   4:58a   SSE
10  25.9  33.3   4:45p  19.6   5:24a   0.0   7.3   0.0   3.6  20.0   1:36a     E
11  26.5  34.8   3:50p  19.8   5:29a   0.0   8.2   0.0   3.6  17.4  10:58p   ENE
12  27.1  35.2   2:25p  22.3   1:45a   0.0   8.7   0.0   2.7  16.5   8:44a    SE
13  29.6  36.3  12:38p  23.6   6:08a   0.0  11.3   0.0   2.8  15.7   5:45p    SE
14  29.5  41.2   2:28p  22.4   3:35a   0.0  11.2   0.0   1.8  14.8  12:09p   NNW
15  21.5  25.5  11:53a  16.3   6:13a   0.2   3.4   0.0   2.0  11.3   1:16p    SW
16  21.9  27.2   2:42p  17.6   1:31a   0.0   3.7   0.0   2.6  14.8  12:32p   SSW
17  24.9  33.1   3:55p  17.3   4:42a   0.1   6.7   0.0   4.1  26.1   3:37a   ESE
18  28.2  33.9   3:35p  22.5   9:00a   0.0   9.9   0.0   3.3  16.5  10:12a     E
19  29.9  35.7   1:30p  25.1   6:23a   0.0  11.5   0.0   2.7  15.7   8:33a     E
20  29.8  37.4   3:48p  22.8   6:40a   0.0  11.5   0.0   4.1  18.3  10:43a     E
21  27.1  33.1   1:09p  20.6   6:41a   0.0   8.8   0.4   2.3  20.0   3:13p   ENE
22  24.0  27.9   2:50p  19.2   5:36a   0.0   5.7   0.0   1.2  11.3  11:04a   ENE
23  27.5  35.2   4:35p  21.3   3:15a   0.0   9.2   0.0   3.4  24.3   9:48p   ESE
24  25.7  31.2   2:34p  21.5   6:11a   0.0   7.4   7.8   3.3  15.7   9:06a   ESE
25  26.3  33.6  12:55p  20.8   6:17a   0.0   8.0   8.2   4.0  18.3   3:10a   ESE
26  24.8  30.4  11:42a  20.6   7:03a   0.0   6.5   2.6   4.0  21.7   5:52a     E
27  24.1  25.9   7:12a  21.2   7:58a   0.0   5.8  11.6   8.1  29.6   5:02a   ENE
28  24.7  31.1   3:57p  20.7   6:36a   0.0   6.4   0.8   3.1  28.7  11:23a   ENE
29  22.9  27.0   2:12p  19.4  12:30a   0.0   4.6   0.0   2.3  18.3   8:21a   SSW
----------------------------------------------------------------------------------
    26.0  42.6     4    13.4     8     1.9 225.4  31.4   3.1  29.6    27     ESE

Max >=  27.0: 27
Max <=   0.0:  0
Min <=   0.0:  0
Min <= -18.0:  0
Max Rain: 11.6 on day 27
Days of Rain: 6 (>= 0.2 mm)  4 (>= 2.0 mm)  0 (>= 20.0 mm)
Heat Base: 18.3  Cool Base: 18.3  Method: Integration

The information provided herein is for informational purposes only and is not guaranteed to be accurate in any way. Do not make any life threatening decisions either directly or indirectly based on the information herein, no responsibility is accepted for any injuries, accidents or other incidents whether fatal or non-fatal, as a direct or indirect result of actions taken based upon the information herein.
Please refer to the Australian Government Bureau of Meteorology for the official weather and forecast.


Copyright © 2020


script original author  Saratoga-Weather.org (Ken True)
and modified by  beteljuice



page updated 11/08/2020 10:30:05 PM
cumulus software support forum
powered by  cumulus v1.9.4 (1099)
maintained by  IT ability