Weather   Thornlie   Western Australia

 

National Oceanic and Atmospheric Administration (NOAA) Style data reports


Click button to select month or click ∨/∧ for other year/month data

Select a Year or Month report
V/Λ2020 > Jan Feb Mar Apr May Jun Jul Aug Sep Oct Nov Dec
V/Λ2019 > Jan Feb Mar Apr May Jun Jul Aug Sep Oct Nov Dec
V/Λ2018 > Jan Feb Mar Apr May Jun Jul Aug Sep Oct Nov Dec

Report for 2020 Mar
                   Monthly Climatological Summary for Mar 2020

Name:    City: Thornlie   State: Western Australia
Elevation: 70 ft  Lat: S 32 03' 18"   Lon: E 115 57' 24"

                  Temperature (C), Rain (mm), Wind Speed (kts)

                                      Heat  Cool        Avg
    Mean                              Deg   Deg         Wind                 Dom
Day Temp  High   Time   Low    Time   Days  Days  Rain  Speed High   Time    Dir
----------------------------------------------------------------------------------
 1  21.4  27.7   1:43p  15.8   5:30a   0.6   3.6   0.0   5.8  20.0   2:16p   ESE
 2  23.3  28.7   2:45p  17.6   6:18a   0.1   5.0   0.0   3.9  20.9  11:46p     E
 3  24.5  34.2   3:31p  15.3   6:27a   0.3   6.4   0.0   1.3  11.3   9:10a   ESE
 4  24.0  33.7   1:24p  14.6   5:55a   0.7   6.4   0.0   1.1  11.3   1:57p   SSW
 5  24.6  32.9   2:47p  18.7   6:31a   0.0   6.3   0.0   1.0   9.6   2:50p   WSW
 6  22.2  26.2   2:13p  19.9   2:31a   0.0   3.9   0.0   1.6  13.9   2:39p    SW
 7  21.6  27.0   1:45p  17.3   5:05a   0.1   3.4   0.0   1.4  13.0   5:36p    SW
 8  25.7  31.7   3:20p  21.8   6:24a   0.0   7.4   0.0   2.4  14.8  10:25p   SSE
 9  27.6  35.9   3:19p  19.9   6:35a   0.0   9.3   0.0   2.3  18.3   9:34a   ESE
10  27.5  35.8   3:54p  20.5   5:27a   0.0   9.2   0.0   2.0  18.3   2:54a    SE
11  25.2  35.9   3:01p  16.6   6:35a   0.2   7.1   0.0   1.6  13.0   4:03p   SSW
12  24.9  33.2   1:56p  19.0   6:35a   0.0   6.6   0.0   3.2  20.0  12:06a    SE
13  26.9  32.9   3:40p  22.4   6:15a   0.0   8.6   0.0   3.7  23.5  10:32a     E
14  23.5  30.5   2:55p  19.7  11:30p   0.0   5.2   8.6   1.3  14.8   3:30p    NE
15  21.5  25.7   1:05p  18.0   3:24a   0.0   3.2   1.2   1.1  12.2   1:15p   WNW
16  22.1  27.2   3:34p  17.9   6:27a   0.0   3.8   1.2   1.1  11.3   2:34p     W
17  18.2  24.5  12:26p  12.9   6:37a   1.3   1.2   9.8   1.9  18.3  11:30a     W
18  17.7  23.3   3:12p  12.7   4:37a   2.0   1.4   0.0   1.7  13.9   2:25p   SSW
19  20.1  24.4   2:40p  16.2   9:00a   0.1   1.9   0.0   1.4  13.9   8:28a    SE
20  23.0  31.6   2:23p  16.7   4:50a   0.2   4.9   0.0   1.3  12.2  12:32p   SSE
21  24.3  32.2   2:57p  18.8   6:26a   0.0   6.0   0.0   4.6  21.7  11:37p   ESE
22  25.1  32.1   3:41p  19.1   6:25a   0.0   6.8   0.0   3.7  16.5  12:09p     E
23  26.3  33.3   3:46p  20.9   4:35a   0.0   8.0   0.0   2.9  16.5  11:18p   ENE
24  28.0  34.5   3:54p  22.6   6:29a   0.0   9.7   0.0   2.1  13.9   9:22p   ENE
25  25.7  33.7   1:16p  17.7   6:37a   0.0   7.4   0.0   0.9  16.5   9:34a    NW
26  28.5  36.1   3:55p  22.4   3:00a   0.0  10.1   0.0   0.7  12.2   2:45p     W
27  22.6  26.8   2:15p  18.3   6:58a   0.0   4.3   3.0   2.3  13.0   1:24p     W
28  18.2  23.3   1:02p  12.2   5:41a   1.6   1.5   0.0   1.5  13.9   9:03a    SW
29  16.5  22.8   2:01p  10.0   5:41a   2.9   1.1   0.0   0.8  11.3   4:17p   SSW
30  17.4  23.6   2:32p  11.0   6:14a   2.4   1.5   0.2   1.2  10.4   3:17p     S
31  19.0  25.7   1:52p  13.7   4:13a   1.5   2.2   0.0   1.3  13.9   3:32p     S
----------------------------------------------------------------------------------
    23.1  36.1    26    10.0    29    14.0 163.4  24.0   2.0  23.5    13      SE

Max >=  27.0: 21
Max <=   0.0:  0
Min <=   0.0:  0
Min <= -18.0:  0
Max Rain: 9.8 on day 17
Days of Rain: 6 (>= 0.2 mm)  3 (>= 2.0 mm)  0 (>= 20.0 mm)
Heat Base: 18.3  Cool Base: 18.3  Method: Integration

The information provided herein is for informational purposes only and is not guaranteed to be accurate in any way. Do not make any life threatening decisions either directly or indirectly based on the information herein, no responsibility is accepted for any injuries, accidents or other incidents whether fatal or non-fatal, as a direct or indirect result of actions taken based upon the information herein.
Please refer to the Australian Government Bureau of Meteorology for the official weather and forecast.


Copyright © 2020


script original author  Saratoga-Weather.org (Ken True)
and modified by  beteljuice



page updated 11/08/2020 10:30:05 PM
cumulus software support forum
powered by  cumulus v1.9.4 (1099)
maintained by  IT ability