Weather   Thornlie   Western Australia

 

National Oceanic and Atmospheric Administration (NOAA) Style data reports


Click button to select month or click ∨/∧ for other year/month data

Select a Year or Month report
V/Λ2020 > Jan Feb Mar Apr May Jun Jul Aug Sep Oct Nov Dec
V/Λ2019 > Jan Feb Mar Apr May Jun Jul Aug Sep Oct Nov Dec
V/Λ2018 > Jan Feb Mar Apr May Jun Jul Aug Sep Oct Nov Dec

Report for 2020 Apr
                   Monthly Climatological Summary for Apr 2020

Name:    City: Thornlie   State: Western Australia
Elevation: 70 ft  Lat: S 32 03' 18"   Lon: E 115 57' 24"

                  Temperature (C), Rain (mm), Wind Speed (kts)

                                      Heat  Cool        Avg
    Mean                              Deg   Deg         Wind                 Dom
Day Temp  High   Time   Low    Time   Days  Days  Rain  Speed High   Time    Dir
----------------------------------------------------------------------------------
 1  21.1  27.6   1:07p  17.2   5:23a   0.2   2.9   0.0   1.4  10.4   6:18p   SSW
 2  17.5  24.2   3:17p   9.5   6:38a   2.5   1.7   0.0   2.2  15.7   1:33p   SSW
 3  17.4  25.3   3:44p  13.1  10:30p   2.1   1.3   0.0   2.7  19.1   2:59a   ESE
 4  20.4  25.3  12:57p  15.3   7:29a   0.3   2.4   1.8   2.2  13.9  10:45a     E
 5  21.8  25.0   4:00p  18.1   9:00a   0.0   3.6   0.0   3.2  17.4   8:18a     E
 6  25.7  31.6   2:24p  20.2   5:57a   0.0   7.4   0.0   5.1  23.5  11:17p     E
 7  25.0  34.3   2:26p  18.3   1:07a   0.0   6.7   0.0   1.4  14.8   9:00a    NE
 8  23.2  32.2  11:49a  16.0   6:39a   0.4   5.3   0.0   1.1  12.2  11:05a   WNW
 9  26.7  34.2   1:31p  21.4  12:15a   0.0   8.4   0.0   1.4  10.4   3:00p     S
10  28.5  35.9   4:02p  22.4   6:58a   0.0  10.2   0.0   1.7  13.0   7:30a     E
11  27.0  38.1   1:54p  20.8   4:58a   0.0   8.7   0.0   0.9  13.0   2:56p    NW
12  20.8  25.8   3:50p  15.4   5:23a   0.6   3.1   0.0   0.6   7.0   4:29p   WSW
13  19.8  26.3   1:00p  13.8   6:38a   1.2   2.7   0.0   0.9  11.3   1:38p    SW
14  19.4  25.4   1:11p  13.4   6:30a   1.1   2.1   0.0   1.3  12.2   1:34p   SSW
15  17.4  24.3   1:23p  11.1   6:54a   2.4   1.5   0.0   1.4  12.2   2:11p    SW
16  19.0  25.4   3:09p  14.3  12:38a   1.0   1.6   0.0   1.5  10.4   9:38a    SE
17  19.2  27.4   2:43p  12.6   6:02a   1.9   2.8   0.0   0.6   7.0   1:59p     S
18  18.4  21.2   3:21p  16.6  12:21a   0.5   0.6   5.8   0.7  12.2   4:43a    SW
19  15.4  22.5  11:30a   9.6   5:03a   3.8   0.9   0.2   1.6  17.4  12:16p    SW
20  18.9  23.4  12:51p  15.3   4:35a   0.9   1.4   1.2   1.6  17.4  10:54a   WNW
21  18.2  23.8   2:12p  14.8  11:32p   1.5   1.4   0.0   0.8  11.3   2:16p   WNW
22  18.7  23.9  11:00a  14.7   4:01a   1.1   1.4   0.2   0.9  14.8  12:18p   WNW
23  18.5  25.1   2:01p  13.4   4:20a   1.7   1.9   0.0   0.6   9.6   1:35p    SW
24  19.1  22.6  10:22a  16.7   6:31a   0.5   1.3   2.2   0.5   8.7   1:39p    SW
25  16.9  24.2   2:53p  11.4   6:25a   2.7   1.3   0.2   0.8   9.6  11:24a   SSW
26  18.0  26.3   2:11p  11.2   6:28a   2.5   2.2   0.0   0.7   8.7   2:50p   SSW
27  17.3  23.2  11:52a  13.2   3:02a   2.1   1.1   0.8   1.3  12.2   1:35p   SSW
28  15.1  21.0   2:58p   9.5   6:58a   3.7   0.6   0.0   2.5  13.9   3:28a   SSE
29  15.6  21.8   2:38p  10.5   6:57a   3.4   0.7   0.0   2.6  14.8  12:28a     E
30  16.2  21.3   3:06p  10.8   3:16a   2.7   0.6   0.0   2.9  18.3   9:42a   ENE
----------------------------------------------------------------------------------
    19.9  38.1    11     9.5     2    40.8  87.8  12.4   1.6  23.5     6      SE

Max >=  27.0:  8
Max <=   0.0:  0
Min <=   0.0:  0
Min <= -18.0:  0
Max Rain: 5.8 on day 18
Days of Rain: 8 (>= 0.2 mm)  2 (>= 2.0 mm)  0 (>= 20.0 mm)
Heat Base: 18.3  Cool Base: 18.3  Method: Integration

The information provided herein is for informational purposes only and is not guaranteed to be accurate in any way. Do not make any life threatening decisions either directly or indirectly based on the information herein, no responsibility is accepted for any injuries, accidents or other incidents whether fatal or non-fatal, as a direct or indirect result of actions taken based upon the information herein.
Please refer to the Australian Government Bureau of Meteorology for the official weather and forecast.


Copyright © 2020


script original author  Saratoga-Weather.org (Ken True)
and modified by  beteljuice



page updated 11/08/2020 10:30:05 PM
cumulus software support forum
powered by  cumulus v1.9.4 (1099)
maintained by  IT ability