Weather   Thornlie   Western Australia

 

National Oceanic and Atmospheric Administration (NOAA) Style data reports


Click button to select month or click ∨/∧ for other year/month data

Select a Year or Month report
V/Λ2020 > Jan Feb Mar Apr May Jun Jul Aug Sep Oct Nov Dec
V/Λ2019 > Jan Feb Mar Apr May Jun Jul Aug Sep Oct Nov Dec
V/Λ2018 > Jan Feb Mar Apr May Jun Jul Aug Sep Oct Nov Dec

Report for 2020 May
                   Monthly Climatological Summary for May 2020

Name:    City: Thornlie   State: Western Australia
Elevation: 70 ft  Lat: S 32 03' 18"   Lon: E 115 57' 24"

                  Temperature (C), Rain (mm), Wind Speed (kts)

                                      Heat  Cool        Avg
    Mean                              Deg   Deg         Wind                 Dom
Day Temp  High   Time   Low    Time   Days  Days  Rain  Speed High   Time    Dir
----------------------------------------------------------------------------------
 1  18.4  23.7   2:38p  14.3   2:44a   1.1   1.3   0.0   2.3  17.4  10:18a    NE
 2  20.6  27.3   2:37p  15.3   6:01a   0.6   2.9   0.0   0.7  12.2   9:09a     N
 3  21.3  28.3  12:33p  17.4  11:35p   0.1   3.0   1.4   1.2  14.8   1:53p    NW
 4  17.5  22.9  12:16p  15.2   2:27a   1.4   0.5  11.0   0.9  15.7   1:03p    NW
 5  16.2  22.1  12:44p  10.8   7:48a   2.6   0.5  18.2   5.5  31.3   6:34a   WNW
 6  11.7  16.2  12:46p   9.6   3:49a   6.6   0.0   4.2   1.9  24.3  10:36a    SW
 7  14.1  17.5   3:12p  11.2   7:12a   4.2   0.0   9.2   0.4   9.6   3:56p   WNW
 8  12.4  19.0   2:10p   6.6   4:44a   6.0   0.0   0.0   1.1  11.3  11:46a   SSE
 9  12.7  19.7   3:42p   6.7   2:19a   5.7   0.1   0.0   0.7  10.4  10:30a     E
10  14.0  23.7   1:27p   5.9   6:08a   5.5   1.1   0.2   0.6   8.7   2:21p   WSW
11  16.8  22.9   2:38p   9.7   9:00a   2.5   1.0   0.0   1.6  12.2   5:56a    SE
12  17.8  22.1   3:24p  14.7   6:14a   1.3   0.8   0.0   2.6  15.7   2:03a     E
13  17.8  27.3   2:33p   9.8   7:21a   2.7   2.2   0.0   0.6  12.2   9:53a   NNW
14  15.8  26.9   2:24p   6.6   6:45a   4.7   2.3   0.0   0.5   9.6   2:16p    NW
15  16.8  24.1   2:10p  11.6   3:01a   2.8   1.3   0.0   1.5  13.0   8:37a     S
16  16.3  21.2   1:50p  10.7   6:53a   2.5   0.5   0.0   1.7  10.4  10:33a   ESE
17  13.9  21.9  12:20p   6.8   6:11a   5.0   0.7   0.0   1.0  10.4   4:33p     S
18  11.8  19.3   1:43p   4.4   6:29a   6.5   0.1   0.0   1.5  14.8  12:39p     S
19  12.6  19.3   2:56p   7.6   2:44a   5.8   0.1   0.0   0.9  10.4  10:44a    SE
20  13.0  19.6   1:52p   6.6   2:31a   5.4   0.1   0.0   0.8   8.7   3:47p     S
21  14.7  20.9   3:18p   9.2   1:30a   4.0   0.4   0.0   1.0  11.3  10:49a   ENE
22  16.9  23.8   2:32p  11.4  11:05p   2.5   1.2   0.0   0.9  10.4   8:58a   NNE
23  21.5  26.3   2:27p  18.5   7:24p   0.0   3.2   0.0   2.3  22.6   7:58a   NNE
24  15.4  21.6  11:08a  12.2   5:35p   3.2   0.4  25.6   4.3  31.3   3:36p   NNW
25  11.2  16.1  10:49a   8.6  11:34p   7.1   0.0  12.4   2.0  21.7  12:29p    SW
26  13.6  16.9   1:36p  11.3   9:00a   4.7   0.0   1.8   0.4   4.3  10:24a   NNW
27  14.8  19.8   1:30p  12.3   2:29a   3.6   0.1   3.8   0.9  13.0  12:58p    NW
28  15.4  19.9   3:18p  13.3   2:29a   3.0   0.1  23.2   1.4  15.7   3:31p    NW
29  13.4  20.3  12:01p   8.7   6:06a   5.0   0.1  35.6   2.0  17.4  12:26p   WSW
30  14.1  17.1   3:51p  11.1   9:00a   4.2   0.0   6.2   0.9  14.8  12:07p     W
31  14.6  19.6   1:53p  10.7   2:40a   3.8   0.1   1.4   0.7  11.3   2:57p    SW
----------------------------------------------------------------------------------
    15.4  28.3     3     4.4    18   114.1  24.1 154.2   1.4  31.3     5     WNW

Max >=  27.0:  3
Max <=   0.0:  0
Min <=   0.0:  0
Min <= -18.0:  0
Max Rain: 35.6 on day 29
Days of Rain: 14 (>= 0.2 mm)  10 (>= 2.0 mm)  3 (>= 20.0 mm)
Heat Base: 18.3  Cool Base: 18.3  Method: Integration

The information provided herein is for informational purposes only and is not guaranteed to be accurate in any way. Do not make any life threatening decisions either directly or indirectly based on the information herein, no responsibility is accepted for any injuries, accidents or other incidents whether fatal or non-fatal, as a direct or indirect result of actions taken based upon the information herein.
Please refer to the Australian Government Bureau of Meteorology for the official weather and forecast.


Copyright © 2020


script original author  Saratoga-Weather.org (Ken True)
and modified by  beteljuice



page updated 11/08/2020 10:30:05 PM
cumulus software support forum
powered by  cumulus v1.9.4 (1099)
maintained by  IT ability