Weather   Thornlie   Western Australia

 

National Oceanic and Atmospheric Administration (NOAA) Style data reports


Click button to select month or click ∨/∧ for other year/month data

Select a Year or Month report
V/Λ2020 > Jan Feb Mar Apr May Jun Jul Aug Sep Oct Nov Dec
V/Λ2019 > Jan Feb Mar Apr May Jun Jul Aug Sep Oct Nov Dec
V/Λ2018 > Jan Feb Mar Apr May Jun Jul Aug Sep Oct Nov Dec

Report for 2020 Jun
                   Monthly Climatological Summary for Jun 2020

Name:    City: Thornlie   State: Western Australia
Elevation: 70 ft  Lat: S 32 03' 18"   Lon: E 115 57' 24"

                  Temperature (C), Rain (mm), Wind Speed (kts)

                                      Heat  Cool        Avg
    Mean                              Deg   Deg         Wind                 Dom
Day Temp  High   Time   Low    Time   Days  Days  Rain  Speed High   Time    Dir
----------------------------------------------------------------------------------
 1  13.9  19.7  12:50p   9.9   2:10a   4.6   0.1   0.2   0.8   9.6  11:48a   ESE
 2  16.2  20.4   3:12p  11.4   7:48a   2.4   0.3   0.0   0.8   9.6  12:41p   ENE
 3  17.1  24.5   3:04p  11.4   5:51a   2.6   1.4   0.0   0.4   7.8   9:22a   NNW
 4  19.8  25.7   2:00p  15.4   9:00a   0.5   2.1   0.0   1.6  14.8  12:55a   ESE
 5  20.5  24.6   2:16p  17.3   6:47a   0.0   2.2   0.0   2.5  12.2   5:31a   ENE
 6  18.9  24.4   1:51p  15.5   4:32a   1.1   1.7   2.8   0.5   9.6  12:13p     N
 7  14.6  22.8   4:28p   9.3   7:31a   4.3   0.5   0.2   0.4   7.8  12:57p     E
 8  14.5  24.6   3:04p   7.0   6:39a   5.0   1.3   0.0   0.5   7.8   1:03p    NW
 9  15.0  25.2   2:39p   9.1   5:29a   4.8   1.5   0.0   0.4   7.8  11:25a   NNW
10  19.2  24.4   2:23p  12.6   9:00a   0.6   1.4  11.0   1.3  12.2   2:56p   NNW
11  17.1  21.1   1:38p  12.8   6:12a   1.7   0.4  19.0   1.1  11.3   3:07p   WNW
12  12.9  18.3  12:45p   8.8   2:55a   5.4   0.0   1.0   1.5  18.3   1:44p   SSW
13  13.7  17.8   2:03p  11.5   5:17a   4.6   0.0   8.2   0.5   9.6   4:04p     W
14  15.4  20.8   2:03p  13.0  11:54p   3.2   0.2   0.0   0.7  11.3   1:58p   WSW
15  14.5  19.9   2:52p  11.5  10:49p   4.0   0.1   0.0   0.4   9.6   4:33p     W
16  15.1  21.1   2:29p   8.8  11:37p   3.7   0.5   0.0   1.3  13.0   7:45a   NNW
17  16.5  22.1  12:02p  10.8   8:01a   2.3   0.5  10.4   3.4  25.2   1:06p   WNW
18  12.0  17.8   2:16p   7.2   7:30a   6.3   0.0   1.2   1.1  16.5  10:34a    SW
19  12.1  18.8   2:21p   4.8   5:57a   6.2   0.0   0.0   1.0  13.9   8:40a     E
20  13.8  19.1   3:07p   9.2   7:19a   4.5   0.0   0.0   1.9  14.8   9:18a   ENE
21  18.4  22.7   3:17p  14.2   9:00a   0.7   0.8   0.0   1.7  11.3   2:04a   NNE
22  17.2  21.0   1:46p  14.2  10:19p   1.5   0.5  10.8   3.3  20.9   4:51p    NW
23  13.8  19.8   2:02p   8.7   3:39a   4.7   0.2   2.6   1.3  15.7  12:18p     W
24  11.5  19.2  12:06p   4.7   7:11a   6.9   0.1   0.2   0.5  10.4   2:36p    SW
25  14.7  20.7   2:45p   9.6   9:00a   3.9   0.3   0.0   0.6  11.3  11:35a   NNE
26  16.0  20.6  12:52p  12.3   9:00a   2.8   0.4   4.2   1.7  15.7   3:30p    NW
27  15.7  18.8  11:56a  14.3   6:31a   2.6   0.0  13.2   1.4  13.0   6:00a   NNW
28  15.5  18.4  10:44p  13.1   1:13a   2.8   0.0  27.4   2.9  25.2  10:31p   WNW
29  15.2  17.8   1:02p  13.0   3:05a   3.1   0.0   3.8   2.1  17.4   9:28a   WSW
30  14.6  19.1   2:12p  10.6   6:40a   3.7   0.0   3.8   2.1  16.5   3:01p   WSW
----------------------------------------------------------------------------------
    15.5  25.7     4     4.7    24   100.5  16.5 120.0   1.3  25.2    17      NW

Max >=  27.0:  0
Max <=   0.0:  0
Min <=   0.0:  0
Min <= -18.0:  0
Max Rain: 27.4 on day 28
Days of Rain: 17 (>= 0.2 mm)  12 (>= 2.0 mm)  1 (>= 20.0 mm)
Heat Base: 18.3  Cool Base: 18.3  Method: Integration

The information provided herein is for informational purposes only and is not guaranteed to be accurate in any way. Do not make any life threatening decisions either directly or indirectly based on the information herein, no responsibility is accepted for any injuries, accidents or other incidents whether fatal or non-fatal, as a direct or indirect result of actions taken based upon the information herein.
Please refer to the Australian Government Bureau of Meteorology for the official weather and forecast.


Copyright © 2020


script original author  Saratoga-Weather.org (Ken True)
and modified by  beteljuice



page updated 11/08/2020 10:30:05 PM
cumulus software support forum
powered by  cumulus v1.9.4 (1099)
maintained by  IT ability