Weather   Thornlie   Western Australia

 

National Oceanic and Atmospheric Administration (NOAA) Style data reports


Click button to select month or click ∨/∧ for other year/month data

Select a Year or Month report
V/Λ2020 > Jan Feb Mar Apr May Jun Jul Aug Sep Oct Nov Dec
V/Λ2019 > Jan Feb Mar Apr May Jun Jul Aug Sep Oct Nov Dec
V/Λ2018 > Jan Feb Mar Apr May Jun Jul Aug Sep Oct Nov Dec

Report for 2020 Jul
                   Monthly Climatological Summary for Jul 2020

Name:    City: Thornlie   State: Western Australia
Elevation: 70 ft  Lat: S 32 03' 18"   Lon: E 115 57' 24"

                  Temperature (C), Rain (mm), Wind Speed (kts)

                                      Heat  Cool        Avg
    Mean                              Deg   Deg         Wind                 Dom
Day Temp  High   Time   Low    Time   Days  Days  Rain  Speed High   Time    Dir
----------------------------------------------------------------------------------
 1  10.5  16.4  12:20p   4.8   7:00a   7.8   0.0   0.4   0.6  10.4  12:24p   SSE
 2  12.7  18.4   2:29p   8.1   2:11a   5.6   0.0   0.0   1.2  11.3   5:53a     E
 3  15.9  19.6   2:52p  13.9   9:00a   2.5   0.1   0.0   2.5  13.9  11:57a    NE
 4  17.1  22.3   2:39p  13.8   1:16a   2.0   0.8   0.0   1.2  16.5  11:03a    NE
 5  17.2  23.6   1:40p  12.9   6:46a   2.2   1.1   4.8   1.0  10.4  10:39a   NNW
 6  14.9  18.6  12:50p  12.3   6:52a   3.4   0.0   3.0   2.4  19.1   4:13p   WNW
 7  13.6  18.6   1:50p   9.8   7:39a   4.7   0.0   3.6   1.0  13.0  12:39p     W
 8  11.0  16.8   3:53p   6.5   6:41a   7.3   0.0   0.4   0.3   6.1  11:59a   SSE
 9  11.3  17.8   3:08p   6.6   3:28a   7.0   0.0   0.0   0.9   9.6  11:14a   SSE
10  11.6  16.5   2:48p   8.3   7:49a   6.7   0.0   0.0   2.2  13.0  10:23a   ENE
11  13.1  17.9   3:17p   8.4   7:07a   5.2   0.0   0.0   1.8  13.9  10:37a    NE
12  15.3  21.4   3:47p  11.9   1:34a   3.5   0.5   3.4   1.3  16.5   9:27a   NNW
13  15.3  18.3   3:55p  12.2   4:16a   3.0   0.0  27.4   2.4  18.3   7:18a   WNW
14  12.9  17.1   1:06p   9.2   3:54a   5.4   0.0   1.8   1.3  13.0  10:52a     W
15  14.3  16.7   2:28p  12.6   9:00a   4.0   0.0   0.4   1.5  13.0   7:52a   NNW
16  14.3  19.0   1:20p  10.8   7:26a   4.0   0.0  15.2   1.2  17.4   1:06p   WNW
17   9.4  14.6   3:14p   5.8   5:55a   8.9   0.0   5.0   0.8  13.0   2:34p   SSW
18  10.7  17.5   1:27p   4.6   6:57a   7.6   0.0   3.6   0.4   9.6   2:58p     W
19  11.3  15.7  12:59p   5.9   4:58a   7.0   0.0   0.0   1.0  10.4   1:02p   ESE
20  13.3  18.9   2:06p   8.1  11:26p   5.1   0.0   0.0   1.3  13.9   8:07a    NE
21  14.1  20.5   2:42p   8.4   6:30a   4.5   0.3   0.0   0.9  11.3  11:50a    NE
22  17.8  23.3   2:42p  14.8   6:34a   1.6   1.1   2.8   2.2  13.0   4:02p   WNW
23  11.4  18.6  12:03p   4.9   7:12a   6.9   0.0   0.2   1.5  17.4  12:31p    SW
24  12.4  19.2   1:42p   5.7   4:46a   5.9   0.1   0.0   0.9  10.4   8:33a    NE
25  17.7  21.9   1:54p  12.8   7:20a   1.1   0.5   2.2   2.0  20.0   3:18p    NW
26  17.3  21.4  12:43p  14.7   2:12a   1.6   0.6   1.4   1.0  11.3   9:56a    NE
27  16.3  24.1  12:55p  10.8   5:28a   3.2   1.2  11.8   2.6  24.3   1:41p   WNW
28  15.0  20.2   3:10p   9.4   7:12a   3.4   0.1   0.0   0.6   9.6   2:21p    SW
29  13.5  21.7   3:23p   6.7   7:25a   5.3   0.6   0.2   0.4   7.8  12:50p   NNE
30  14.4  21.1   1:10p   8.6   7:06a   4.3   0.4   0.0   0.8  10.4   4:43p    SW
31  13.2  20.1   3:08p   7.6   6:03a   5.3   0.2   0.2   1.0   9.6   2:47p     S
----------------------------------------------------------------------------------
    13.8  24.1    27     4.6    18   146.0   7.6  87.8   1.3  24.3    27     NNW

Max >=  27.0:  0
Max <=   0.0:  0
Min <=   0.0:  0
Min <= -18.0:  0
Max Rain: 27.4 on day 13
Days of Rain: 19 (>= 0.2 mm)  11 (>= 2.0 mm)  1 (>= 20.0 mm)
Heat Base: 18.3  Cool Base: 18.3  Method: Integration

The information provided herein is for informational purposes only and is not guaranteed to be accurate in any way. Do not make any life threatening decisions either directly or indirectly based on the information herein, no responsibility is accepted for any injuries, accidents or other incidents whether fatal or non-fatal, as a direct or indirect result of actions taken based upon the information herein.
Please refer to the Australian Government Bureau of Meteorology for the official weather and forecast.


Copyright © 2020


script original author  Saratoga-Weather.org (Ken True)
and modified by  beteljuice



page updated 11/08/2020 10:30:05 PM
cumulus software support forum
powered by  cumulus v1.9.4 (1099)
maintained by  IT ability